CRAN Package Check Results for Package IPEDS

Last updated on 2024-03-02 19:50:20 CET.

Flavor Version Tinstall Tcheck Ttotal Status Flags
r-devel-linux-x86_64-debian-clang 0.1.0 8.22 76.44 84.66 NOTE
r-devel-linux-x86_64-debian-gcc 0.1.0 6.33 58.52 64.85 NOTE
r-devel-linux-x86_64-fedora-clang 0.1.0 107.51 NOTE
r-devel-linux-x86_64-fedora-gcc 0.1.0 122.13 NOTE
r-devel-windows-x86_64 0.1.0 10.00 82.00 92.00 OK
r-patched-linux-x86_64 0.1.0 8.27 74.05 82.32 OK
r-release-linux-x86_64 0.1.0 6.62 74.69 81.31 OK
r-release-macos-arm64 0.1.0 48.00 OK
r-release-macos-x86_64 0.1.0 71.00 OK
r-release-windows-x86_64 0.1.0 14.00 95.00 109.00 OK
r-oldrel-macos-arm64 0.1.0 43.00 NOTE
r-oldrel-windows-x86_64 0.1.0 13.00 95.00 108.00 OK

Check Details

Version: 0.1.0
Check: Rd files
Result: NOTE checkRd: (-1) admin2020.Rd:14: Lost braces 14 | \item{ARANK}{Academic rank: a factor with 7 levels: \verb{All ranks}, \code{Professors}, \verb{Associate professors}, \verb{Assistant professors}, \code{Instructors}, \code{Lecturers} and \verb{No academic rank}}{Academic rank} | ^ checkRd: (-1) dir_info2020.Rd:28: Lost braces; missing escapes or markup? 28 | \item{INT_LEVEL}{Level of institution (1 = Four or more years; 2 = At least 2 but less than 4 years; 3 = Less than 2 years (below associate); -3 = {Not available})} | ^ checkRd: (-1) dir_info2020.Rd:29: Lost braces; missing escapes or markup? 29 | \item{INT_CONTROL}{Control of institution (1 = Public; 2 = Private not-for-profit; 3 = Private for-profit; -3 = {Not available})} | ^ checkRd: (-1) dir_info2020.Rd:30: Lost braces; missing escapes or markup? 30 | \item{UNGRAD_OFFER}{Undergraduate offering (1 = Undergraduate degree or certificate offering; 2 = No undergraduate offering; -3 = {Not available})} | ^ checkRd: (-1) dir_info2020.Rd:31: Lost braces; missing escapes or markup? 31 | \item{GRAD_OFFER}{Graduate offering (1 = Graduate degree or certificate offering; 2 = No graduate offering; -3 = {Not available})} | ^ checkRd: (-1) dir_info2020.Rd:32: Lost braces; missing escapes or markup? 32 | \item{HD_OFFER}{Degree-granting status (1 = Degree granting; 2 = Nondegree-granting, primarily post-secondary; -3 = {Not available})} | ^ checkRd: (-1) dir_info2020.Rd:37: Lost braces; missing escapes or markup? 37 | \item{LOCALE}{Degree of urbanization (Urban-centric locale) (11 = City: Large; 12 = City: Midsize; 13 = City: Small; 21 = Suburb: Large; 22 = Suburb: Midsize; 23 = Suburb: Small; 31 = Town: Fringe; 32 = Town: Distant; 33 = Town: Remote; 41 = Rural: Fringe; 42 = Rural: Distant; 43 = Rural: Remote; -3 = {Not available})} | ^ Flavors: r-devel-linux-x86_64-debian-clang, r-devel-linux-x86_64-debian-gcc, r-devel-linux-x86_64-fedora-clang, r-devel-linux-x86_64-fedora-gcc

Version: 0.1.0
Check: data for non-ASCII characters
Result: NOTE Note: found 46 marked UTF-8 strings Flavors: r-devel-linux-x86_64-fedora-clang, r-devel-linux-x86_64-fedora-gcc, r-oldrel-macos-arm64