CRAN Package Check Results for Package IOHanalyzer

Last updated on 2021-11-27 07:49:52 CET.

Flavor Version Tinstall Tcheck Ttotal Status Flags
r-devel-linux-x86_64-debian-clang 0.1.6.1 OK
r-devel-linux-x86_64-debian-gcc 0.1.6.1 33.04 88.95 121.99 OK
r-devel-linux-x86_64-fedora-clang 0.1.6.1 222.12 NOTE
r-devel-linux-x86_64-fedora-gcc 0.1.6.1 200.65 NOTE
r-devel-windows-x86_64-new-UL 0.1.6.1 94.00 212.00 306.00 OK
r-devel-windows-x86_64-new-TK 0.1.6.1 NOTE
r-devel-windows-x86_64-old 0.1.6.1 56.00 145.00 201.00 OK
r-patched-linux-x86_64 0.1.6.1 30.96 111.38 142.34 OK
r-patched-solaris-x86 0.1.6.1 243.60 NOTE
r-release-linux-x86_64 0.1.6.1 OK
r-release-macos-arm64 0.1.6.1 NOTE
r-release-macos-x86_64 0.1.6.1 NOTE
r-release-windows-ix86+x86_64 0.1.6.1 102.00 226.00 328.00 NOTE
r-oldrel-macos-x86_64 0.1.6.1 NOTE
r-oldrel-windows-ix86+x86_64 0.1.6.1 104.00 226.00 330.00 NOTE

Check Details

Version: 0.1.6.1
Check: dependencies in R code
Result: NOTE
    Namespaces in Imports field not imported from:
     ‘DT’ ‘bsplus’ ‘colourpicker’ ‘kableExtra’ ‘markdown’ ‘shinydashboard’
     ‘shinyjs’
     All declared Imports should be used.
Flavors: r-devel-linux-x86_64-fedora-clang, r-devel-linux-x86_64-fedora-gcc, r-devel-windows-x86_64-new-TK, r-patched-solaris-x86, r-release-macos-arm64, r-release-macos-x86_64, r-oldrel-macos-x86_64

Version: 0.1.6.1
Check: data for non-ASCII characters
Result: NOTE
     Note: found 102 marked UTF-8 strings
Flavors: r-devel-linux-x86_64-fedora-clang, r-devel-linux-x86_64-fedora-gcc, r-devel-windows-x86_64-new-TK, r-patched-solaris-x86, r-release-macos-arm64, r-release-macos-x86_64, r-oldrel-macos-x86_64

Version: 0.1.6.1
Check: installed package size
Result: NOTE
     installed size is 5.2Mb
     sub-directories of 1Mb or more:
     data 1.4Mb
     libs 2.1Mb
Flavors: r-release-macos-arm64, r-release-windows-ix86+x86_64, r-oldrel-windows-ix86+x86_64