CRAN Package Check Results for Package INQC

Last updated on 2021-09-21 20:51:05 CEST.

Flavor Version Tinstall Tcheck Ttotal Status Flags
r-devel-linux-x86_64-debian-clang 2.0.5 6.42 57.09 63.51 OK
r-devel-linux-x86_64-debian-gcc 2.0.5 4.36 41.87 46.23 OK
r-devel-linux-x86_64-fedora-clang 2.0.5 82.77 OK
r-devel-linux-x86_64-fedora-gcc 2.0.5 71.11 OK
r-devel-windows-x86_64 2.0.5 6.00 62.00 68.00 OK
r-devel-windows-x86_64-gcc10-UCRT 2.0.5 ERROR
r-patched-linux-x86_64 2.0.5 6.35 54.50 60.85 OK
r-patched-solaris-x86 2.0.5 94.30 OK
r-release-linux-x86_64 2.0.5 5.58 55.07 60.65 OK
r-release-macos-arm64 2.0.5 OK
r-release-macos-x86_64 2.0.5 OK
r-release-windows-ix86+x86_64 2.0.5 10.00 78.00 88.00 OK
r-oldrel-macos-x86_64 2.0.5 OK
r-oldrel-windows-ix86+x86_64 2.0.5 9.00 61.00 70.00 OK

Check Details

Version: 2.0.5
Check: whether package can be installed
Result: WARN
    Found the following significant warnings:
     WARNING: installation-time patches will not be applied, could not get the patches index
Flavor: r-devel-windows-x86_64-gcc10-UCRT

Version: 2.0.5
Check: PDF version of manual
Result: WARN
    LaTeX errors when creating PDF version.
    This typically indicates Rd problems.
Flavor: r-devel-windows-x86_64-gcc10-UCRT

Version: 2.0.5
Check: PDF version of manual without hyperrefs or index
Result: ERROR
    Re-running with no redirection of stdout/stderr.
Flavor: r-devel-windows-x86_64-gcc10-UCRT