Last updated on 2023-02-02 07:52:59 CET.
Flavor | Version | Tinstall | Tcheck | Ttotal | Status | Flags |
---|---|---|---|---|---|---|
r-devel-linux-x86_64-debian-clang | 1.1 | 6.95 | 60.14 | 67.09 | NOTE | |
r-devel-linux-x86_64-debian-gcc | 1.1 | 5.46 | 45.10 | 50.56 | NOTE | |
r-devel-linux-x86_64-fedora-clang | 1.1 | 90.17 | NOTE | |||
r-devel-linux-x86_64-fedora-gcc | 1.1 | 85.19 | NOTE | |||
r-devel-windows-x86_64 | 1.1 | 14.00 | 94.00 | 108.00 | NOTE | |
r-patched-linux-x86_64 | 1.1 | 7.17 | 58.31 | 65.48 | NOTE | |
r-release-linux-x86_64 | 1.1 | 8.07 | 63.53 | 71.60 | NOTE | |
r-release-macos-arm64 | 1.1 | 27.00 | NOTE | |||
r-release-macos-x86_64 | 1.1 | 54.00 | NOTE | |||
r-release-windows-x86_64 | 1.1 | 15.00 | 102.00 | 117.00 | NOTE | |
r-oldrel-macos-arm64 | 1.1 | 33.00 | NOTE | |||
r-oldrel-macos-x86_64 | 1.1 | 55.00 | NOTE | |||
r-oldrel-windows-ix86+x86_64 | 1.1 | 17.00 | 93.00 | 110.00 | NOTE |
Version: 1.1
Check: LazyData
Result: NOTE
'LazyData' is specified without a 'data' directory
Flavors: r-devel-linux-x86_64-debian-clang, r-devel-linux-x86_64-debian-gcc, r-devel-linux-x86_64-fedora-clang, r-devel-linux-x86_64-fedora-gcc, r-devel-windows-x86_64, r-patched-linux-x86_64, r-release-linux-x86_64, r-release-macos-arm64, r-release-macos-x86_64, r-release-windows-x86_64, r-oldrel-macos-arm64, r-oldrel-macos-x86_64, r-oldrel-windows-ix86+x86_64