CRAN Package Check Results for Package IETD

Last updated on 2021-09-23 08:51:03 CEST.

Flavor Version Tinstall Tcheck Ttotal Status Flags
r-devel-linux-x86_64-debian-clang 1.0.0 6.80 68.59 75.39 OK
r-devel-linux-x86_64-debian-gcc 1.0.0 5.49 50.82 56.31 OK
r-devel-linux-x86_64-fedora-clang 1.0.0 97.33 NOTE
r-devel-linux-x86_64-fedora-gcc 1.0.0 84.53 NOTE
r-devel-windows-x86_64 1.0.0 10.00 86.00 96.00 OK
r-devel-windows-x86_64-gcc10-UCRT 1.0.0 ERROR
r-patched-linux-x86_64 1.0.0 6.68 63.82 70.50 OK
r-patched-solaris-x86 1.0.0 125.40 NOTE
r-release-linux-x86_64 1.0.0 6.41 63.94 70.35 OK
r-release-macos-arm64 1.0.0 NOTE
r-release-macos-x86_64 1.0.0 NOTE
r-release-windows-ix86+x86_64 1.0.0 16.00 118.00 134.00 OK
r-oldrel-macos-x86_64 1.0.0 NOTE
r-oldrel-windows-ix86+x86_64 1.0.0 12.00 83.00 95.00 OK

Check Details

Version: 1.0.0
Check: dependencies in R code
Result: NOTE
    Namespace in Imports field not imported from: ‘Rdpack’
     All declared Imports should be used.
Flavors: r-devel-linux-x86_64-fedora-clang, r-devel-linux-x86_64-fedora-gcc, r-devel-windows-x86_64-gcc10-UCRT, r-patched-solaris-x86, r-release-macos-arm64, r-release-macos-x86_64, r-oldrel-macos-x86_64

Version: 1.0.0
Check: PDF version of manual
Result: WARN
    LaTeX errors when creating PDF version.
    This typically indicates Rd problems.
Flavor: r-devel-windows-x86_64-gcc10-UCRT

Version: 1.0.0
Check: PDF version of manual without hyperrefs or index
Result: ERROR
    Re-running with no redirection of stdout/stderr.
Flavor: r-devel-windows-x86_64-gcc10-UCRT