CRAN Package Check Results for Package IDSpatialStats

Last updated on 2020-07-14 09:50:34 CEST.

Flavor Version Tinstall Tcheck Ttotal Status Flags
r-devel-linux-x86_64-debian-clang 0.3.10 12.56 76.77 89.33 OK
r-devel-linux-x86_64-debian-gcc 0.3.10 8.55 59.33 67.88 OK
r-devel-linux-x86_64-fedora-clang 0.3.10 116.13 OK
r-devel-linux-x86_64-fedora-gcc 0.3.10 113.34 OK
r-devel-windows-ix86+x86_64 0.3.10 33.00 168.00 201.00 OK
r-patched-linux-x86_64 0.3.10 10.01 76.03 86.04 OK
r-patched-solaris-x86 0.3.10 155.20 OK
r-release-linux-x86_64 0.3.10 10.54 77.51 88.05 OK
r-release-macos-x86_64 0.3.10 ERROR
r-release-windows-ix86+x86_64 0.3.10 31.00 155.00 186.00 OK
r-oldrel-macos-x86_64 0.3.10 OK
r-oldrel-windows-ix86+x86_64 0.3.10 28.00 150.00 178.00 OK

Check Details

Version: 0.3.10
Check: whether package can be installed
Result: ERROR
    Installation failed.
Flavor: r-release-macos-x86_64