CRAN Package Check Results for Package ICsurv

Last updated on 2019-09-19 09:47:53 CEST.

Flavor Version Tinstall Tcheck Ttotal Status Flags
r-devel-linux-x86_64-debian-clang 1.0 2.86 23.56 26.42 NOTE
r-devel-linux-x86_64-debian-gcc 1.0 2.22 18.47 20.69 NOTE
r-devel-linux-x86_64-fedora-clang 1.0 32.38 NOTE
r-devel-linux-x86_64-fedora-gcc 1.0 31.57 NOTE
r-devel-windows-ix86+x86_64 1.0 10.00 35.00 45.00 NOTE
r-patched-linux-x86_64 1.0 2.61 22.92 25.53 NOTE
r-patched-solaris-x86 1.0 48.40 NOTE
r-release-linux-x86_64 1.0 2.68 22.70 25.38 NOTE
r-release-windows-ix86+x86_64 1.0 4.00 52.00 56.00 NOTE
r-release-osx-x86_64 1.0 NOTE
r-oldrel-windows-ix86+x86_64 1.0 4.00 37.00 41.00 NOTE
r-oldrel-osx-x86_64 1.0 NOTE

Check Details

Version: 1.0
Check: R code for possible problems
Result: NOTE
    PH.ICsurv.EM: no visible global function definition for 'quantile'
    PH.ICsurv.EM: no visible global function definition for 'optim'
    fast.PH.ICsurv.EM: no visible global function definition for 'quantile'
    fast.PH.ICsurv.EM: no visible global function definition for 'optim'
    Undefined global functions or variables:
     optim quantile
    Consider adding
     importFrom("stats", "optim", "quantile")
    to your NAMESPACE file.
Flavors: r-devel-linux-x86_64-debian-clang, r-devel-linux-x86_64-debian-gcc, r-devel-linux-x86_64-fedora-clang, r-devel-linux-x86_64-fedora-gcc, r-devel-windows-ix86+x86_64, r-patched-linux-x86_64, r-patched-solaris-x86, r-release-linux-x86_64, r-release-windows-ix86+x86_64, r-release-osx-x86_64, r-oldrel-windows-ix86+x86_64, r-oldrel-osx-x86_64