CRAN Package Check Results for Package ICD10gm

Last updated on 2024-02-25 07:49:50 CET.

Flavor Version Tinstall Tcheck Ttotal Status Flags
r-devel-linux-x86_64-debian-clang 1.2.5 47.93 203.29 251.22 OK
r-devel-linux-x86_64-debian-gcc 1.2.5 40.21 150.78 190.99 OK
r-devel-linux-x86_64-fedora-clang 1.2.5 340.23 NOTE
r-devel-linux-x86_64-fedora-gcc 1.2.5 334.53 NOTE
r-devel-windows-x86_64 1.2.5 43.00 155.00 198.00 OK
r-patched-linux-x86_64 1.2.5 39.63 196.29 235.92 OK
r-release-linux-x86_64 1.2.5 32.98 194.93 227.91 OK
r-release-macos-arm64 1.2.5 116.00 OK
r-release-macos-x86_64 1.2.5 174.00 OK
r-release-windows-x86_64 1.2.5 57.00 194.00 251.00 OK
r-oldrel-macos-arm64 1.2.5 100.00 OK
r-oldrel-windows-x86_64 1.2.5 55.00 204.00 259.00 OK

Check Details

Version: 1.2.5
Check: data for non-ASCII characters
Result: NOTE Note: found 356712 marked UTF-8 strings Flavors: r-devel-linux-x86_64-fedora-clang, r-devel-linux-x86_64-fedora-gcc