Last updated on 2023-12-03 19:48:35 CET.
Flavor | Version | Tinstall | Tcheck | Ttotal | Status | Flags |
---|---|---|---|---|---|---|
r-devel-linux-x86_64-debian-clang | 1.0.1 | 166.87 | 134.00 | 300.87 | NOTE | |
r-devel-linux-x86_64-debian-gcc | 1.0.1 | 109.16 | 96.77 | 205.93 | NOTE | |
r-devel-linux-x86_64-fedora-clang | 1.0.1 | 431.45 | NOTE | |||
r-devel-linux-x86_64-fedora-gcc | 1.0.1 | 408.15 | NOTE | |||
r-devel-windows-x86_64 | 1.0.1 | 122.00 | 125.00 | 247.00 | NOTE | |
r-patched-linux-x86_64 | 1.0.1 | 100.07 | 132.69 | 232.76 | NOTE | |
r-release-linux-x86_64 | 1.0.1 | 101.58 | 127.97 | 229.55 | NOTE | |
r-release-macos-arm64 | 1.0.1 | 93.00 | NOTE | |||
r-release-macos-x86_64 | 1.0.1 | 151.00 | NOTE | |||
r-release-windows-x86_64 | 1.0.1 | 159.00 | 167.00 | 326.00 | NOTE | |
r-oldrel-macos-arm64 | 1.0.1 | 79.00 | NOTE | |||
r-oldrel-macos-x86_64 | 1.0.1 | 132.00 | NOTE | |||
r-oldrel-windows-x86_64 | 1.0.1 | 147.00 | 151.00 | 298.00 | NOTE |
Version: 1.0.1
Check: Rd files
Result: NOTE
checkRd: (-1) ICAOD.Rd:12: Lost braces in \itemize; meant \describe ?
checkRd: (-1) ICAOD.Rd:13: Lost braces in \itemize; meant \describe ?
checkRd: (-1) ICAOD.Rd:14: Lost braces in \itemize; meant \describe ?
checkRd: (-1) ICAOD.Rd:15-16: Lost braces in \itemize; meant \describe ?
checkRd: (-1) ICAOD.Rd:21: Lost braces in \itemize; meant \describe ?
checkRd: (-1) ICAOD.Rd:22-23: Lost braces in \itemize; meant \describe ?
checkRd: (-1) bayes.Rd:142: Lost braces in \itemize; meant \describe ?
checkRd: (-1) bayes.Rd:143: Lost braces in \itemize; meant \describe ?
checkRd: (-1) bayes.Rd:144: Lost braces in \itemize; meant \describe ?
checkRd: (-1) bayes.Rd:145: Lost braces in \itemize; meant \describe ?
checkRd: (-1) crt.bayes.control.Rd:63: Lost braces
63 | \item{\code{level.trans}}{Logical variable denotes either to take the levels as number of grid points (FALSE = default) or to transform in that manner that number of grid points = 2^(levels-1) (TRUE). See, code{\link[mvQuad]{createNIGrid}}, for details.}
| ^
checkRd: (-1) normal.Rd:21: Lost braces in \itemize; \value handles \item{}{} directly
checkRd: (-1) normal.Rd:22: Lost braces in \itemize; \value handles \item{}{} directly
checkRd: (-1) normal.Rd:23: Lost braces in \itemize; \value handles \item{}{} directly
checkRd: (-1) normal.Rd:24: Lost braces in \itemize; \value handles \item{}{} directly
checkRd: (-1) sens.minimax.control.Rd:40-45: Lost braces in \itemize; meant \describe ?
checkRd: (-1) sens.minimax.control.Rd:46-47: Lost braces in \itemize; meant \describe ?
checkRd: (-1) skewnormal.Rd:23: Lost braces in \itemize; \value handles \item{}{} directly
checkRd: (-1) skewnormal.Rd:24: Lost braces in \itemize; \value handles \item{}{} directly
checkRd: (-1) skewnormal.Rd:25: Lost braces in \itemize; \value handles \item{}{} directly
checkRd: (-1) skewnormal.Rd:26: Lost braces in \itemize; \value handles \item{}{} directly
checkRd: (-1) student.Rd:23: Lost braces in \itemize; \value handles \item{}{} directly
checkRd: (-1) student.Rd:24: Lost braces in \itemize; \value handles \item{}{} directly
checkRd: (-1) student.Rd:25: Lost braces in \itemize; \value handles \item{}{} directly
checkRd: (-1) student.Rd:26: Lost braces in \itemize; \value handles \item{}{} directly
checkRd: (-1) uniform.Rd:17: Lost braces in \itemize; \value handles \item{}{} directly
checkRd: (-1) uniform.Rd:18: Lost braces in \itemize; \value handles \item{}{} directly
checkRd: (-1) uniform.Rd:19: Lost braces in \itemize; \value handles \item{}{} directly
checkRd: (-1) uniform.Rd:20: Lost braces in \itemize; \value handles \item{}{} directly
Flavors: r-devel-linux-x86_64-debian-clang, r-devel-linux-x86_64-debian-gcc
Version: 1.0.1
Check: LazyData
Result: NOTE
'LazyData' is specified without a 'data' directory
Flavors: r-devel-linux-x86_64-debian-clang, r-devel-linux-x86_64-debian-gcc, r-devel-linux-x86_64-fedora-clang, r-devel-linux-x86_64-fedora-gcc, r-devel-windows-x86_64, r-patched-linux-x86_64, r-release-linux-x86_64, r-release-macos-arm64, r-release-macos-x86_64, r-release-windows-x86_64, r-oldrel-macos-arm64, r-oldrel-macos-x86_64, r-oldrel-windows-x86_64
Version: 1.0.1
Check: installed package size
Result: NOTE
installed size is 7.0Mb
sub-directories of 1Mb or more:
libs 6.2Mb
Flavors: r-release-macos-arm64, r-release-macos-x86_64, r-oldrel-macos-arm64, r-oldrel-macos-x86_64