Last updated on 2023-02-07 09:57:46 CET.
Flavor | Version | Tinstall | Tcheck | Ttotal | Status | Flags |
---|---|---|---|---|---|---|
r-devel-linux-x86_64-debian-clang | 0.4.3 | 27.30 | 110.26 | 137.56 | NOTE | |
r-devel-linux-x86_64-debian-gcc | 0.4.3 | 21.01 | 86.03 | 107.04 | NOTE | |
r-devel-linux-x86_64-fedora-clang | 0.4.3 | 190.24 | NOTE | |||
r-devel-linux-x86_64-fedora-gcc | 0.4.3 | 188.49 | NOTE | |||
r-devel-windows-x86_64 | 0.4.3 | 90.00 | 200.00 | 290.00 | NOTE | |
r-patched-linux-x86_64 | 0.4.3 | 23.53 | 105.35 | 128.88 | OK | |
r-release-linux-x86_64 | 0.4.3 | 26.57 | 99.23 | 125.80 | OK | |
r-release-macos-arm64 | 0.4.3 | 66.00 | OK | |||
r-release-macos-x86_64 | 0.4.3 | 78.00 | OK | |||
r-release-windows-x86_64 | 0.4.3 | 71.00 | 205.00 | 276.00 | OK | |
r-oldrel-macos-arm64 | 0.4.3 | 68.00 | OK | |||
r-oldrel-macos-x86_64 | 0.4.3 | 89.00 | OK | |||
r-oldrel-windows-ix86+x86_64 | 0.4.3 | 65.00 | 382.00 | 447.00 | NOTE |
Version: 0.4.3
Check: C++ specification
Result: NOTE
Specified C++11: please update to current default of C++17
Flavors: r-devel-linux-x86_64-debian-clang, r-devel-linux-x86_64-debian-gcc, r-devel-linux-x86_64-fedora-clang, r-devel-windows-x86_64
Version: 0.4.3
Check: C++ specification
Result: NOTE
Specified C++11: please drop specification unless essential
Flavor: r-devel-linux-x86_64-fedora-gcc
Version: 0.4.3
Check: installed package size
Result: NOTE
installed size is 5.6Mb
sub-directories of 1Mb or more:
data 2.1Mb
doc 1.1Mb
libs 2.1Mb
Flavor: r-oldrel-windows-ix86+x86_64