CRAN Package Check Results for Package HydeNet

Last updated on 2021-12-05 07:49:12 CET.

Flavor Version Tinstall Tcheck Ttotal Status Flags
r-devel-linux-x86_64-debian-clang 0.10.11 10.39 125.15 135.54 OK
r-devel-linux-x86_64-debian-gcc 0.10.11 7.86 90.76 98.62 OK
r-devel-linux-x86_64-fedora-clang 0.10.11 159.72 NOTE
r-devel-linux-x86_64-fedora-gcc 0.10.11 153.38 NOTE
r-devel-windows-x86_64-new-UL 0.10.11 27.00 187.00 214.00 OK
r-devel-windows-x86_64-new-TK 0.10.11 NOTE
r-devel-windows-x86_64-old 0.10.11 16.00 113.00 129.00 OK
r-patched-linux-x86_64 0.10.11 8.42 110.63 119.05 OK
r-release-linux-x86_64 0.10.11 9.30 119.80 129.10 OK
r-release-macos-arm64 0.10.11 NOTE
r-release-macos-x86_64 0.10.11 NOTE
r-release-windows-ix86+x86_64 0.10.11 21.00 148.00 169.00 OK
r-oldrel-macos-x86_64 0.10.11 NOTE
r-oldrel-windows-ix86+x86_64 0.10.11 21.00 156.00 177.00 OK

Check Details

Version: 0.10.11
Check: dependencies in R code
Result: NOTE
    Namespace in Imports field not imported from: ‘graph’
     All declared Imports should be used.
Flavors: r-devel-linux-x86_64-fedora-clang, r-devel-linux-x86_64-fedora-gcc, r-devel-windows-x86_64-new-TK, r-release-macos-arm64, r-release-macos-x86_64, r-oldrel-macos-x86_64