CRAN Package Check Results for Package HistogramTools

Last updated on 2020-10-27 19:50:26 CET.

Flavor Version Tinstall Tcheck Ttotal Status Flags
r-devel-linux-x86_64-debian-clang 0.3.2 11.08 112.02 123.10 OK
r-devel-linux-x86_64-debian-gcc 0.3.2 9.39 86.47 95.86 OK
r-devel-linux-x86_64-fedora-clang 0.3.2 158.59 OK
r-devel-linux-x86_64-fedora-gcc 0.3.2 162.03 OK
r-devel-windows-ix86+x86_64 0.3.2 24.00 156.00 180.00 OK
r-patched-linux-x86_64 0.3.2 OK
r-patched-solaris-x86 0.3.2 213.70 NOTE
r-release-linux-x86_64 0.3.2 11.65 104.03 115.68 OK
r-release-macos-x86_64 0.3.2 OK
r-release-windows-ix86+x86_64 0.3.2 19.00 112.00 131.00 OK
r-oldrel-macos-x86_64 0.3.2 OK
r-oldrel-windows-ix86+x86_64 0.3.2 22.00 147.00 169.00 OK

Check Details

Version: 0.3.2
Check: package dependencies
Result: NOTE
    Package which this enhances but not available for checking: ‘RProtoBuf’
Flavor: r-patched-solaris-x86