CRAN Package Check Results for Package HistogramTools

Last updated on 2023-06-01 21:52:56 CEST.

Flavor Version Tinstall Tcheck Ttotal Status Flags
r-devel-linux-x86_64-debian-clang 0.3.2 8.24 83.42 91.66 OK
r-devel-linux-x86_64-debian-gcc 0.3.2 5.93 63.78 69.71 OK
r-devel-linux-x86_64-fedora-clang 0.3.2 115.53 OK
r-devel-linux-x86_64-fedora-gcc 0.3.2 133.39 OK
r-devel-windows-x86_64 0.3.2 8.00 123.00 131.00 OK
r-patched-linux-x86_64 0.3.2 OK
r-release-linux-x86_64 0.3.2 5.31 77.49 82.80 OK
r-release-macos-arm64 0.3.2 51.00 OK
r-release-macos-x86_64 0.3.2 77.00 NOTE
r-release-windows-x86_64 0.3.2 10.00 123.00 133.00 OK
r-oldrel-macos-arm64 0.3.2 61.00 OK
r-oldrel-macos-x86_64 0.3.2 100.00 OK
r-oldrel-windows-x86_64 0.3.2 10.00 126.00 136.00 OK

Check Details

Version: 0.3.2
Check: package dependencies
Result: NOTE
    Package which this enhances but not available for checking: ‘RProtoBuf’
Flavor: r-release-macos-x86_64

Version: 0.3.2
Check: Rd cross-references
Result: NOTE
    Package unavailable to check Rd xrefs: ‘RProtoBuf’
Flavor: r-release-macos-x86_64