CRAN Package Check Results for Package HistogramTools

Last updated on 2021-09-22 20:49:39 CEST.

Flavor Version Tinstall Tcheck Ttotal Status Flags
r-devel-linux-x86_64-debian-clang 0.3.2 10.51 121.09 131.60 OK
r-devel-linux-x86_64-debian-gcc 0.3.2 8.84 90.73 99.57 OK
r-devel-linux-x86_64-fedora-clang 0.3.2 162.12 OK
r-devel-linux-x86_64-fedora-gcc 0.3.2 147.72 OK
r-devel-windows-x86_64 0.3.2 13.00 117.00 130.00 OK
r-devel-windows-x86_64-gcc10-UCRT 0.3.2 ERROR
r-patched-linux-x86_64 0.3.2 9.30 119.83 129.13 OK
r-patched-solaris-x86 0.3.2 203.30 OK
r-release-linux-x86_64 0.3.2 10.06 117.15 127.21 OK
r-release-macos-arm64 0.3.2 OK
r-release-macos-x86_64 0.3.2 OK
r-release-windows-ix86+x86_64 0.3.2 26.00 154.00 180.00 OK
r-oldrel-macos-x86_64 0.3.2 OK
r-oldrel-windows-ix86+x86_64 0.3.2 18.00 122.00 140.00 OK

Check Details

Version: 0.3.2
Check: package dependencies
Result: ERROR
    Package required but not available: 'Hmisc'
    
    See section 'The DESCRIPTION file' in the 'Writing R Extensions'
    manual.
Flavor: r-devel-windows-x86_64-gcc10-UCRT