CRAN Package Check Results for Package HiCseg

Last updated on 2021-09-20 08:50:20 CEST.

Flavor Version Tinstall Tcheck Ttotal Status Flags
r-devel-linux-x86_64-debian-clang 1.1 3.31 28.60 31.91 OK
r-devel-linux-x86_64-debian-gcc 1.1 2.60 22.86 25.46 OK
r-devel-linux-x86_64-fedora-clang 1.1 48.68 NOTE
r-devel-linux-x86_64-fedora-gcc 1.1 38.52 NOTE
r-devel-windows-x86_64 1.1 8.00 43.00 51.00 OK
r-devel-windows-x86_64-gcc10-UCRT 1.1 ERROR
r-patched-linux-x86_64 1.1 3.29 27.69 30.98 OK
r-patched-solaris-x86 1.1 57.90 OK
r-release-linux-x86_64 1.1 2.93 27.94 30.87 OK
r-release-macos-arm64 1.1 OK
r-release-macos-x86_64 1.1 OK
r-release-windows-ix86+x86_64 1.1 9.00 53.00 62.00 OK
r-oldrel-macos-x86_64 1.1 OK
r-oldrel-windows-ix86+x86_64 1.1 7.00 52.00 59.00 OK

Check Details

Version: 1.1
Check: compiled code
Result: NOTE
    File ‘HiCseg/libs/HiCseg.so’:
     Found no calls to: ‘R_registerRoutines’, ‘R_useDynamicSymbols’
    
    It is good practice to register native routines and to disable symbol
    search.
    
    See ‘Writing portable packages’ in the ‘Writing R Extensions’ manual.
Flavors: r-devel-linux-x86_64-fedora-clang, r-devel-linux-x86_64-fedora-gcc

Version: 1.1
Check: whether package can be installed
Result: ERROR
    Installation failed.
Flavor: r-devel-windows-x86_64-gcc10-UCRT