CRAN Package Check Results for Package HeritSeq

Last updated on 2020-11-26 20:51:39 CET.

Flavor Version Tinstall Tcheck Ttotal Status Flags
r-devel-linux-x86_64-debian-clang 1.0.1 32.84 287.92 320.76 NOTE
r-devel-linux-x86_64-debian-gcc 1.0.1 29.69 219.98 249.67 NOTE
r-devel-linux-x86_64-fedora-clang 1.0.1 432.27 NOTE
r-devel-linux-x86_64-fedora-gcc 1.0.1 392.36 NOTE
r-devel-windows-ix86+x86_64 1.0.1 76.00 271.00 347.00 NOTE
r-patched-linux-x86_64 1.0.1 32.43 267.41 299.84 NOTE
r-patched-solaris-x86 1.0.1 548.50 NOTE
r-release-linux-x86_64 1.0.1 31.29 261.35 292.64 NOTE
r-release-macos-x86_64 1.0.1 NOTE
r-release-windows-ix86+x86_64 1.0.1 77.00 237.00 314.00 NOTE
r-oldrel-macos-x86_64 1.0.1 ERROR
r-oldrel-windows-ix86+x86_64 1.0.1 59.00 300.00 359.00 NOTE

Check Details

Version: 1.0.1
Check: package dependencies
Result: NOTE
    Package suggested but not available for checking: 'glmmADMB'
Flavors: r-devel-linux-x86_64-debian-clang, r-devel-linux-x86_64-debian-gcc, r-devel-linux-x86_64-fedora-clang, r-devel-linux-x86_64-fedora-gcc, r-devel-windows-ix86+x86_64, r-patched-linux-x86_64, r-patched-solaris-x86, r-release-linux-x86_64, r-release-macos-x86_64, r-release-windows-ix86+x86_64, r-oldrel-macos-x86_64, r-oldrel-windows-ix86+x86_64

Version: 1.0.1
Check: whether package can be installed
Result: ERROR
    Installation failed.
Flavor: r-oldrel-macos-x86_64