CRAN Package Check Results for Package Haplin

Last updated on 2024-02-23 19:48:48 CET.

Flavor Version Tinstall Tcheck Ttotal Status Flags
r-devel-linux-x86_64-debian-clang 7.3.1 OK
r-devel-linux-x86_64-debian-gcc 7.3.1 21.07 306.70 327.77 OK
r-devel-linux-x86_64-fedora-clang 7.3.1 531.33 OK
r-devel-linux-x86_64-fedora-gcc 7.3.1 550.09 OK
r-devel-windows-x86_64 7.3.1 26.00 332.00 358.00 OK
r-patched-linux-x86_64 7.3.1 24.54 406.16 430.70 OK
r-release-linux-x86_64 7.3.1 22.41 410.56 432.97 OK
r-release-macos-arm64 7.3.1 140.00 NOTE
r-release-macos-x86_64 7.3.1 370.00 NOTE
r-release-windows-x86_64 7.3.1 32.00 417.00 449.00 OK
r-oldrel-macos-arm64 7.3.1 156.00 NOTE
r-oldrel-windows-x86_64 7.3.1 32.00 409.00 441.00 OK

Check Details

Version: 7.3.1
Check: package dependencies
Result: NOTE Package suggested but not available for checking: ‘Rmpi’ Flavors: r-release-macos-arm64, r-release-macos-x86_64, r-oldrel-macos-arm64