CRAN Package Check Results for Package HSDiC

Last updated on 2022-05-18 09:54:03 CEST.

Flavor Version Tinstall Tcheck Ttotal Status Flags
r-devel-linux-x86_64-debian-clang 0.1 8.10 80.62 88.72 NOTE
r-devel-linux-x86_64-debian-gcc 0.1 6.54 62.09 68.63 NOTE
r-devel-linux-x86_64-fedora-clang 0.1 104.64 NOTE
r-devel-linux-x86_64-fedora-gcc 0.1 105.31 NOTE
r-devel-windows-x86_64 0.1 11.00 106.00 117.00 NOTE
r-patched-linux-x86_64 0.1 10.20 78.93 89.13 NOTE
r-release-linux-x86_64 0.1 6.89 75.87 82.76 NOTE
r-release-macos-arm64 0.1 34.00 NOTE
r-release-macos-x86_64 0.1 46.00 NOTE
r-release-windows-x86_64 0.1 11.00 99.00 110.00 NOTE
r-oldrel-macos-arm64 0.1 38.00 NOTE
r-oldrel-macos-x86_64 0.1 49.00 NOTE
r-oldrel-windows-ix86+x86_64 0.1 17.00 93.00 110.00 NOTE

Check Details

Version: 0.1
Check: LazyData
Result: NOTE
     'LazyData' is specified without a 'data' directory
Flavors: r-devel-linux-x86_64-debian-clang, r-devel-linux-x86_64-debian-gcc, r-devel-linux-x86_64-fedora-clang, r-devel-linux-x86_64-fedora-gcc, r-devel-windows-x86_64, r-patched-linux-x86_64, r-release-linux-x86_64, r-release-macos-arm64, r-release-macos-x86_64, r-release-windows-x86_64, r-oldrel-macos-arm64, r-oldrel-macos-x86_64, r-oldrel-windows-ix86+x86_64