CRAN Package Check Results for Package HMB

Last updated on 2019-12-07 08:49:28 CET.

Flavor Version Tinstall Tcheck Ttotal Status Flags
r-devel-linux-x86_64-debian-clang 1.0 123.63 42.69 166.32 OK
r-devel-linux-x86_64-debian-gcc 1.0 89.90 34.13 124.03 OK
r-devel-linux-x86_64-fedora-clang 1.0 224.76 NOTE
r-devel-linux-x86_64-fedora-gcc 1.0 206.52 OK
r-devel-windows-ix86+x86_64 1.0 225.00 88.00 313.00 NOTE
r-devel-windows-ix86+x86_64-gcc8 1.0 246.00 95.00 341.00 NOTE
r-patched-linux-x86_64 1.0 102.56 41.70 144.26 OK
r-patched-solaris-x86 1.0 241.60 OK
r-release-linux-x86_64 1.0 93.26 40.90 134.16 OK
r-release-windows-ix86+x86_64 1.0 305.00 86.00 391.00 NOTE
r-release-osx-x86_64 1.0 NOTE
r-oldrel-windows-ix86+x86_64 1.0 211.00 118.00 329.00 NOTE
r-oldrel-osx-x86_64 1.0 NOTE

Check Details

Version: 1.0
Check: installed package size
Result: NOTE
     installed size is 7.8Mb
     sub-directories of 1Mb or more:
     data 3.5Mb
     libs 4.1Mb
Flavors: r-devel-linux-x86_64-fedora-clang, r-devel-windows-ix86+x86_64, r-devel-windows-ix86+x86_64-gcc8, r-release-windows-ix86+x86_64, r-release-osx-x86_64, r-oldrel-windows-ix86+x86_64, r-oldrel-osx-x86_64