CRAN Package Check Results for Package HMB

Last updated on 2020-07-05 09:47:33 CEST.

Flavor Version Tinstall Tcheck Ttotal Status Flags
r-devel-linux-x86_64-debian-clang 1.1 142.07 38.04 180.11 OK
r-devel-linux-x86_64-debian-gcc 1.1 101.31 30.18 131.49 OK
r-devel-linux-x86_64-fedora-clang 1.1 243.16 NOTE
r-devel-linux-x86_64-fedora-gcc 1.1 213.00 OK
r-devel-windows-ix86+x86_64 1.1 333.00 107.00 440.00 NOTE
r-patched-linux-x86_64 1.1 106.64 38.13 144.77 OK
r-patched-solaris-x86 1.1 222.30 OK
r-release-linux-x86_64 1.1 104.58 38.36 142.94 OK
r-release-osx-x86_64 1.1 NOTE
r-release-windows-ix86+x86_64 1.1 241.00 81.00 322.00 NOTE
r-oldrel-osx-x86_64 1.1 NOTE
r-oldrel-windows-ix86+x86_64 1.1 241.00 96.00 337.00 NOTE

Check Details

Version: 1.1
Check: installed package size
Result: NOTE
     installed size is 8.6Mb
     sub-directories of 1Mb or more:
     data 3.5Mb
     libs 4.8Mb
Flavors: r-devel-linux-x86_64-fedora-clang, r-devel-windows-ix86+x86_64, r-release-osx-x86_64, r-release-windows-ix86+x86_64, r-oldrel-osx-x86_64, r-oldrel-windows-ix86+x86_64