CRAN Package Check Results for Package HI

Last updated on 2020-10-21 08:49:16 CEST.

Flavor Version Tinstall Tcheck Ttotal Status Flags
r-devel-linux-x86_64-debian-clang 0.4 3.13 29.57 32.70 NOTE
r-devel-linux-x86_64-debian-gcc 0.4 2.50 23.47 25.97 NOTE
r-devel-linux-x86_64-fedora-clang 0.4 49.17 NOTE
r-devel-linux-x86_64-fedora-gcc 0.4 40.82 NOTE
r-devel-windows-ix86+x86_64 0.4 8.00 59.00 67.00 NOTE
r-patched-linux-x86_64 0.4 2.84 29.99 32.83 NOTE
r-patched-solaris-x86 0.4 58.60 NOTE
r-release-linux-x86_64 0.4 2.81 29.81 32.62 NOTE
r-release-macos-x86_64 0.4 NOTE
r-release-windows-ix86+x86_64 0.4 7.00 62.00 69.00 NOTE
r-oldrel-macos-x86_64 0.4 NOTE
r-oldrel-windows-ix86+x86_64 0.4 7.00 72.00 79.00 NOTE

Check Details

Version: 0.4
Check: R code for possible problems
Result: NOTE
    arms: no visible global function definition for 'rnorm'
    rballunif: no visible global function definition for 'rnorm'
    rballunif: no visible global function definition for 'runif'
    Undefined global functions or variables:
     rnorm runif
    Consider adding
     importFrom("stats", "rnorm", "runif")
    to your NAMESPACE file.
Flavors: r-devel-linux-x86_64-debian-clang, r-devel-linux-x86_64-debian-gcc, r-devel-linux-x86_64-fedora-clang, r-devel-linux-x86_64-fedora-gcc, r-devel-windows-ix86+x86_64, r-patched-linux-x86_64, r-patched-solaris-x86, r-release-linux-x86_64, r-release-macos-x86_64, r-release-windows-ix86+x86_64, r-oldrel-macos-x86_64, r-oldrel-windows-ix86+x86_64

Version: 0.4
Check: compiled code
Result: NOTE
    File ‘HI/libs/HI.so’:
     Found no calls to: ‘R_registerRoutines’, ‘R_useDynamicSymbols’
    
    It is good practice to register native routines and to disable symbol
    search.
    
    See ‘Writing portable packages’ in the ‘Writing R Extensions’ manual.
Flavors: r-devel-linux-x86_64-fedora-clang, r-devel-linux-x86_64-fedora-gcc