CRAN Package Check Results for Package HGMND

Last updated on 2021-09-21 08:49:47 CEST.

Flavor Version Tinstall Tcheck Ttotal Status Flags
r-devel-linux-x86_64-debian-clang 0.1.0 2.54 35.10 37.64 OK
r-devel-linux-x86_64-debian-gcc 0.1.0 2.10 26.81 28.91 OK
r-devel-linux-x86_64-fedora-clang 0.1.0 52.92 OK
r-devel-linux-x86_64-fedora-gcc 0.1.0 41.97 OK
r-devel-windows-x86_64 0.1.0 4.00 36.00 40.00 OK
r-devel-windows-x86_64-gcc10-UCRT 0.1.0 ERROR
r-patched-linux-x86_64 0.1.0 1.99 33.42 35.41 OK
r-patched-solaris-x86 0.1.0 67.20 OK
r-release-linux-x86_64 0.1.0 2.32 33.00 35.32 OK
r-release-macos-arm64 0.1.0 OK
r-release-macos-x86_64 0.1.0 OK
r-release-windows-ix86+x86_64 0.1.0 6.00 47.00 53.00 OK
r-oldrel-macos-x86_64 0.1.0 OK
r-oldrel-windows-ix86+x86_64 0.1.0 5.00 35.00 40.00 OK

Check Details

Version: 0.1.0
Check: whether package can be installed
Result: WARN
    Found the following significant warnings:
     WARNING: installation-time patches will not be applied, could not get the patches index
Flavor: r-devel-windows-x86_64-gcc10-UCRT

Version: 0.1.0
Check: PDF version of manual
Result: WARN
    LaTeX errors when creating PDF version.
    This typically indicates Rd problems.
Flavor: r-devel-windows-x86_64-gcc10-UCRT

Version: 0.1.0
Check: PDF version of manual without hyperrefs or index
Result: ERROR
    Re-running with no redirection of stdout/stderr.
Flavor: r-devel-windows-x86_64-gcc10-UCRT