CRAN Package Check Results for Package HCmodelSets

Last updated on 2021-09-22 08:50:11 CEST.

Flavor Version Tinstall Tcheck Ttotal Status Flags
r-devel-linux-x86_64-debian-clang 1.1.2 20.43 94.12 114.55 OK
r-devel-linux-x86_64-debian-gcc 1.1.2 18.07 70.34 88.41 OK
r-devel-linux-x86_64-fedora-clang 1.1.2 151.32 OK
r-devel-linux-x86_64-fedora-gcc 1.1.2 137.12 OK
r-devel-windows-x86_64 1.1.2 30.00 84.00 114.00 OK
r-devel-windows-x86_64-gcc10-UCRT 1.1.2 ERROR
r-patched-linux-x86_64 1.1.2 23.43 89.37 112.80 OK
r-patched-solaris-x86 1.1.2 206.80 OK
r-release-linux-x86_64 1.1.2 21.42 88.84 110.26 OK
r-release-macos-arm64 1.1.2 OK
r-release-macos-x86_64 1.1.2 OK
r-release-windows-ix86+x86_64 1.1.2 38.00 107.00 145.00 OK
r-oldrel-macos-x86_64 1.1.2 OK
r-oldrel-windows-ix86+x86_64 1.1.2 31.00 84.00 115.00 OK

Check Details

Version: 1.1.2
Check: PDF version of manual
Result: WARN
    LaTeX errors when creating PDF version.
    This typically indicates Rd problems.
Flavor: r-devel-windows-x86_64-gcc10-UCRT

Version: 1.1.2
Check: PDF version of manual without hyperrefs or index
Result: ERROR
    Re-running with no redirection of stdout/stderr.
Flavor: r-devel-windows-x86_64-gcc10-UCRT