CRAN Package Check Results for Package GroupComparisons

Last updated on 2021-12-05 07:49:12 CET.

Flavor Version Tinstall Tcheck Ttotal Status Flags
r-devel-linux-x86_64-debian-clang 0.1.0 2.15 31.60 33.75 NOTE
r-devel-linux-x86_64-debian-gcc 0.1.0 1.51 25.50 27.01 NOTE
r-devel-linux-x86_64-fedora-clang 0.1.0 42.53 NOTE
r-devel-linux-x86_64-fedora-gcc 0.1.0 32.54 NOTE
r-devel-windows-x86_64-new-UL 0.1.0 8.00 58.00 66.00 NOTE
r-devel-windows-x86_64-new-TK 0.1.0 NOTE
r-devel-windows-x86_64-old 0.1.0 4.00 32.00 36.00 NOTE
r-patched-linux-x86_64 0.1.0 2.43 22.86 25.29 NOTE
r-release-linux-x86_64 0.1.0 2.52 31.01 33.53 NOTE
r-release-macos-arm64 0.1.0 NOTE
r-release-macos-x86_64 0.1.0 NOTE
r-release-windows-ix86+x86_64 0.1.0 7.00 44.00 51.00 NOTE
r-oldrel-macos-x86_64 0.1.0 OK
r-oldrel-windows-ix86+x86_64 0.1.0 7.00 45.00 52.00 OK

Check Details

Version: 0.1.0
Check: LazyData
Result: NOTE
     'LazyData' is specified without a 'data' directory
Flavors: r-devel-linux-x86_64-debian-clang, r-devel-linux-x86_64-debian-gcc, r-devel-linux-x86_64-fedora-clang, r-devel-linux-x86_64-fedora-gcc, r-devel-windows-x86_64-new-UL, r-devel-windows-x86_64-new-TK, r-devel-windows-x86_64-old, r-patched-linux-x86_64, r-release-linux-x86_64, r-release-macos-arm64, r-release-macos-x86_64, r-release-windows-ix86+x86_64