CRAN Package Check Results for Package Greg

Last updated on 2025-01-25 07:50:27 CET.

Flavor Version Tinstall Tcheck Ttotal Status Flags
r-devel-linux-x86_64-debian-clang 2.0.2 21.02 191.99 213.01 NOTE
r-devel-linux-x86_64-debian-gcc 2.0.2 14.25 136.00 150.25 NOTE
r-devel-linux-x86_64-fedora-clang 2.0.2 344.30 OK
r-devel-linux-x86_64-fedora-gcc 2.0.2 328.49 OK
r-devel-windows-x86_64 2.0.2 20.00 185.00 205.00 NOTE
r-patched-linux-x86_64 2.0.2 27.67 176.31 203.98 OK
r-release-linux-x86_64 2.0.2 15.48 179.28 194.76 OK
r-release-macos-arm64 2.0.2 93.00 OK
r-release-macos-x86_64 2.0.2 134.00 OK
r-release-windows-x86_64 2.0.2 18.00 183.00 201.00 OK
r-oldrel-macos-arm64 2.0.2 99.00 OK
r-oldrel-macos-x86_64 2.0.2 229.00 OK
r-oldrel-windows-x86_64 2.0.2 27.00 244.00 271.00 OK

Check Details

Version: 2.0.2
Check: Rd cross-references
Result: NOTE Found the following Rd file(s) with Rd \link{} targets missing package anchors: caDescribeOpts.Rd: describeMean, describeFactors prGetStatistics.Rd: describeMean, describeFactors Please provide package anchors for all Rd \link{} targets not in the package itself and the base packages. Flavors: r-devel-linux-x86_64-debian-clang, r-devel-linux-x86_64-debian-gcc, r-devel-windows-x86_64