Last updated on 2023-06-05 21:59:07 CEST.
Flavor | Version | Tinstall | Tcheck | Ttotal | Status | Flags |
---|---|---|---|---|---|---|
r-devel-linux-x86_64-debian-clang | 0.92 | 11.93 | 104.78 | 116.71 | OK | |
r-devel-linux-x86_64-debian-gcc | 0.92 | 9.40 | 78.06 | 87.46 | OK | |
r-devel-linux-x86_64-fedora-clang | 0.92 | 143.44 | NOTE | |||
r-devel-linux-x86_64-fedora-gcc | 0.92 | 135.74 | OK | |||
r-devel-windows-x86_64 | 0.92 | 11.00 | 90.00 | 101.00 | OK | |
r-patched-linux-x86_64 | 0.92 | 12.27 | 99.13 | 111.40 | OK | |
r-release-linux-x86_64 | 0.92 | 10.38 | 97.45 | 107.83 | OK | |
r-release-macos-arm64 | 0.92 | 41.00 | OK | |||
r-release-macos-x86_64 | 0.92 | 70.00 | OK | |||
r-release-windows-x86_64 | 0.92 | 15.00 | 107.00 | 122.00 | OK | |
r-oldrel-macos-arm64 | 0.92 | 40.00 | OK | |||
r-oldrel-macos-x86_64 | 0.92 | 75.00 | OK | |||
r-oldrel-windows-x86_64 | 0.92 | 16.00 | 110.00 | 126.00 | OK |
Version: 0.92
Check: Rd cross-references
Result: NOTE
Undeclared package ‘goftest’ in Rd xrefs
Flavor: r-devel-linux-x86_64-fedora-clang