Last updated on 2022-05-18 09:54:03 CEST.
Flavor | Version | Tinstall | Tcheck | Ttotal | Status | Flags |
---|---|---|---|---|---|---|
r-devel-linux-x86_64-debian-clang | 0.4 | 2.12 | 35.12 | 37.24 | NOTE | |
r-devel-linux-x86_64-debian-gcc | 0.4 | 2.00 | 28.23 | 30.23 | NOTE | |
r-devel-linux-x86_64-fedora-clang | 0.4 | 46.79 | NOTE | |||
r-devel-linux-x86_64-fedora-gcc | 0.4 | 46.82 | NOTE | |||
r-devel-windows-x86_64 | 0.4 | 41.00 | 56.00 | 97.00 | NOTE | |
r-patched-linux-x86_64 | 0.4 | 3.10 | 34.27 | 37.37 | NOTE | |
r-release-linux-x86_64 | 0.4 | 2.92 | 34.40 | 37.32 | NOTE | |
r-release-macos-arm64 | 0.4 | 18.00 | NOTE | |||
r-release-macos-x86_64 | 0.4 | 23.00 | NOTE | |||
r-release-windows-x86_64 | 0.4 | 5.00 | 55.00 | 60.00 | NOTE | |
r-oldrel-macos-arm64 | 0.4 | 22.00 | NOTE | |||
r-oldrel-macos-x86_64 | 0.4 | 30.00 | NOTE | |||
r-oldrel-windows-ix86+x86_64 | 0.4 | 4.00 | 32.00 | 36.00 | NOTE |
Version: 0.4
Check: DESCRIPTION meta-information
Result: NOTE
Malformed Description field: should contain one or more complete sentences.
Flavors: r-devel-linux-x86_64-debian-clang, r-devel-linux-x86_64-debian-gcc, r-devel-linux-x86_64-fedora-clang, r-devel-linux-x86_64-fedora-gcc, r-devel-windows-x86_64, r-patched-linux-x86_64, r-release-linux-x86_64, r-release-macos-arm64, r-release-macos-x86_64, r-release-windows-x86_64, r-oldrel-macos-arm64, r-oldrel-macos-x86_64, r-oldrel-windows-ix86+x86_64
Version: 0.4
Check: R code for possible problems
Result: NOTE
.nPerms: no visible global function definition for 'terms'
expr.dev.test: no visible global function definition for 'terms'
expr.dev.test: no visible global function definition for 'model.matrix'
expr.dev.test: no visible global function definition for 'pchisq'
lancaster: no visible global function definition for 'pgamma'
liptak: no visible global function definition for 'pnorm'
summary.dev.test : ci: no visible global function definition for
'qnorm'
varwiselogLik : <anonymous>: no visible global function definition for
'deviance'
varwiselogLik.regression: no visible global function definition for
'glm.fit'
Undefined global functions or variables:
deviance glm.fit model.matrix pchisq pgamma pnorm qnorm terms
Consider adding
importFrom("stats", "deviance", "glm.fit", "model.matrix", "pchisq",
"pgamma", "pnorm", "qnorm", "terms")
to your NAMESPACE file.
Flavors: r-devel-linux-x86_64-debian-clang, r-devel-linux-x86_64-debian-gcc, r-devel-linux-x86_64-fedora-clang, r-devel-linux-x86_64-fedora-gcc, r-devel-windows-x86_64, r-patched-linux-x86_64, r-release-linux-x86_64, r-release-macos-arm64, r-release-macos-x86_64, r-release-windows-x86_64, r-oldrel-macos-arm64, r-oldrel-macos-x86_64, r-oldrel-windows-ix86+x86_64