CRAN Package Check Results for Package GiRaF

Last updated on 2021-09-18 20:51:55 CEST.

Flavor Version Tinstall Tcheck Ttotal Status Flags
r-devel-linux-x86_64-debian-clang 1.0.1 82.57 68.82 151.39 OK
r-devel-linux-x86_64-debian-gcc 1.0.1 59.58 53.51 113.09 OK
r-devel-linux-x86_64-fedora-clang 1.0.1 215.91 NOTE
r-devel-linux-x86_64-fedora-gcc 1.0.1 198.57 NOTE
r-devel-windows-x86_64 1.0.1 81.00 83.00 164.00 OK
r-devel-windows-x86_64-gcc10-UCRT 1.0.1 OK
r-patched-linux-x86_64 1.0.1 77.83 67.98 145.81 OK
r-patched-solaris-x86 1.0.1 220.50 OK
r-release-linux-x86_64 1.0.1 72.32 67.82 140.14 OK
r-release-macos-arm64 1.0.1 NOTE
r-release-macos-x86_64 1.0.1 NOTE
r-release-windows-ix86+x86_64 1.0.1 211.00 124.00 335.00 OK
r-oldrel-macos-x86_64 1.0.1 NOTE
r-oldrel-windows-ix86+x86_64 1.0.1 213.00 141.00 354.00 OK

Check Details

Version: 1.0.1
Check: installed package size
Result: NOTE
     installed size is 5.2Mb
     sub-directories of 1Mb or more:
     libs 4.8Mb
Flavors: r-devel-linux-x86_64-fedora-clang, r-release-macos-arm64, r-release-macos-x86_64, r-oldrel-macos-x86_64

Version: 1.0.1
Check: compiled code
Result: NOTE
    File ‘GiRaF/libs/GiRaF.so’:
     Found no calls to: ‘R_registerRoutines’, ‘R_useDynamicSymbols’
    
    It is good practice to register native routines and to disable symbol
    search.
    
    See ‘Writing portable packages’ in the ‘Writing R Extensions’ manual.
Flavors: r-devel-linux-x86_64-fedora-clang, r-devel-linux-x86_64-fedora-gcc