CRAN Package Check Results for Package GiNA

Last updated on 2021-12-03 19:50:12 CET.

Flavor Version Tinstall Tcheck Ttotal Status Flags
r-devel-linux-x86_64-debian-clang 1.0.1 7.11 66.27 73.38 NOTE
r-devel-linux-x86_64-debian-gcc 1.0.1 6.09 50.19 56.28 NOTE
r-devel-linux-x86_64-fedora-clang 1.0.1 98.85 NOTE
r-devel-linux-x86_64-fedora-gcc 1.0.1 83.53 NOTE
r-devel-windows-x86_64-new-UL 1.0.1 14.00 114.00 128.00 OK
r-devel-windows-x86_64-new-TK 1.0.1 OK
r-devel-windows-x86_64-old 1.0.1 12.00 78.00 90.00 OK
r-patched-linux-x86_64 1.0.1 10.16 63.37 73.53 NOTE
r-release-linux-x86_64 1.0.1 7.65 63.74 71.39 NOTE
r-release-macos-arm64 1.0.1 OK
r-release-macos-x86_64 1.0.1 OK
r-release-windows-ix86+x86_64 1.0.1 15.00 103.00 118.00 OK
r-oldrel-macos-x86_64 1.0.1 OK
r-oldrel-windows-ix86+x86_64 1.0.1 15.00 101.00 116.00 OK

Check Details

Version: 1.0.1
Check: for non-standard things in the check directory
Result: NOTE
    Found the following files/directories:
     'Pictures_analyzed' 'cutoff_vals' 'cutoff_vals1' 'gina_cran.JPG'
Flavors: r-devel-linux-x86_64-debian-clang, r-devel-linux-x86_64-debian-gcc, r-devel-linux-x86_64-fedora-clang, r-devel-linux-x86_64-fedora-gcc, r-patched-linux-x86_64, r-release-linux-x86_64