CRAN Package Check Results for Package GetoptLong

Last updated on 2021-09-21 08:49:44 CEST.

Flavor Version Tinstall Tcheck Ttotal Status Flags
r-devel-linux-x86_64-debian-clang 1.0.5 5.92 68.81 74.73 OK
r-devel-linux-x86_64-debian-gcc 1.0.5 4.91 49.82 54.73 OK
r-devel-linux-x86_64-fedora-clang 1.0.5 100.91 OK
r-devel-linux-x86_64-fedora-gcc 1.0.5 91.74 OK
r-devel-windows-x86_64 1.0.5 12.00 95.00 107.00 OK
r-devel-windows-x86_64-gcc10-UCRT 1.0.5 ERROR
r-patched-linux-x86_64 1.0.5 5.56 66.97 72.53 OK
r-patched-solaris-x86 1.0.5 77.70 OK
r-release-linux-x86_64 1.0.5 4.89 67.28 72.17 OK
r-release-macos-arm64 1.0.5 OK
r-release-macos-x86_64 1.0.5 OK
r-release-windows-ix86+x86_64 1.0.5 14.00 120.00 134.00 OK
r-oldrel-macos-x86_64 1.0.5 OK
r-oldrel-windows-ix86+x86_64 1.0.5 14.00 129.00 143.00 OK

Check Details

Version: 1.0.5
Check: whether package can be installed
Result: WARN
    Found the following significant warnings:
     WARNING: installation-time patches will not be applied, could not get the patches index
Flavor: r-devel-windows-x86_64-gcc10-UCRT

Version: 1.0.5
Check: PDF version of manual
Result: WARN
    LaTeX errors when creating PDF version.
    This typically indicates Rd problems.
Flavor: r-devel-windows-x86_64-gcc10-UCRT

Version: 1.0.5
Check: PDF version of manual without hyperrefs or index
Result: ERROR
    Re-running with no redirection of stdout/stderr.
Flavor: r-devel-windows-x86_64-gcc10-UCRT