Last updated on 2025-01-22 19:49:14 CET.
Flavor | Version | Tinstall | Tcheck | Ttotal | Status | Flags |
---|---|---|---|---|---|---|
r-devel-linux-x86_64-debian-clang | 1.5 | 2.80 | 45.14 | 47.94 | OK | |
r-devel-linux-x86_64-debian-gcc | 1.5 | 1.90 | 34.16 | 36.06 | OK | |
r-devel-linux-x86_64-fedora-clang | 1.5 | 75.35 | OK | |||
r-devel-linux-x86_64-fedora-gcc | 1.5 | 85.47 | OK | |||
r-devel-windows-x86_64 | 1.5 | 4.00 | 68.00 | 72.00 | OK | |
r-patched-linux-x86_64 | 1.5 | 2.70 | 43.24 | 45.94 | OK | |
r-release-linux-x86_64 | 1.5 | 2.14 | 42.98 | 45.12 | OK | |
r-release-macos-arm64 | 1.5 | 38.00 | NOTE | |||
r-release-macos-x86_64 | 1.5 | 50.00 | NOTE | |||
r-release-windows-x86_64 | 1.5 | 4.00 | 67.00 | 71.00 | NOTE | |
r-oldrel-macos-arm64 | 1.5 | 41.00 | NOTE | |||
r-oldrel-macos-x86_64 | 1.5 | 86.00 | NOTE | |||
r-oldrel-windows-x86_64 | 1.5 | 6.00 | 73.00 | 79.00 | NOTE |
Version: 1.5
Check: installed package size
Result: NOTE
installed size is 5.1Mb
sub-directories of 1Mb or more:
extdata 4.9Mb
Flavors: r-release-macos-arm64, r-release-macos-x86_64, r-release-windows-x86_64, r-oldrel-macos-arm64, r-oldrel-macos-x86_64, r-oldrel-windows-x86_64