CRAN Package Check Results for Package GeoRange

Last updated on 2024-02-26 19:50:09 CET.

Flavor Version Tinstall Tcheck Ttotal Status Flags
r-devel-linux-x86_64-debian-clang 0.1.0 5.03 54.54 59.57 OK
r-devel-linux-x86_64-debian-gcc 0.1.0 3.36 41.51 44.87 OK
r-devel-linux-x86_64-fedora-clang 0.1.0 72.52 NOTE
r-devel-linux-x86_64-fedora-gcc 0.1.0 70.37 NOTE
r-devel-windows-x86_64 0.1.0 6.00 64.00 70.00 OK
r-patched-linux-x86_64 0.1.0 5.80 55.34 61.14 OK
r-release-linux-x86_64 0.1.0 5.76 54.26 60.02 OK
r-release-macos-arm64 0.1.0 27.00 OK
r-release-macos-x86_64 0.1.0 37.00 OK
r-release-windows-x86_64 0.1.0 7.00 77.00 84.00 OK
r-oldrel-macos-arm64 0.1.0 25.00 NOTE
r-oldrel-windows-x86_64 0.1.0 7.00 73.00 80.00 OK

Check Details

Version: 0.1.0
Check: dependencies in R code
Result: NOTE Namespace in Imports field not imported from: ‘velociraptr’ All declared Imports should be used. Flavors: r-devel-linux-x86_64-fedora-clang, r-devel-linux-x86_64-fedora-gcc, r-oldrel-macos-arm64