CRAN Package Check Results for Package GeoFIS

Last updated on 2022-05-16 21:50:20 CEST.

Flavor Version Tinstall Tcheck Ttotal Status Flags
r-devel-linux-x86_64-debian-clang 1.0.3 512.92 166.12 679.04 NOTE
r-devel-linux-x86_64-debian-gcc 1.0.3 504.23 141.03 645.26 NOTE
r-devel-linux-x86_64-fedora-clang 1.0.3 969.14 NOTE
r-devel-linux-x86_64-fedora-gcc 1.0.3 1098.17 NOTE
r-devel-windows-x86_64 1.0.3 802.00 243.00 1045.00 NOTE
r-patched-linux-x86_64 1.0.3 530.42 183.94 714.36 NOTE
r-release-linux-x86_64 1.0.3 537.95 188.08 726.03 NOTE
r-release-macos-arm64 1.0.3 251.00 NOTE
r-release-macos-x86_64 1.0.3 303.00 NOTE
r-release-windows-x86_64 1.0.3 617.00 247.00 864.00 NOTE
r-oldrel-macos-arm64 1.0.3 236.00 NOTE
r-oldrel-macos-x86_64 1.0.3 316.00 NOTE
r-oldrel-windows-ix86+x86_64 1.0.3 1233.00 266.00 1499.00 NOTE

Check Details

Version: 1.0.3
Check: for GNU extensions in Makefiles
Result: NOTE
    GNU make is a SystemRequirements.
Flavors: r-devel-linux-x86_64-debian-clang, r-devel-linux-x86_64-debian-gcc, r-devel-linux-x86_64-fedora-clang, r-devel-linux-x86_64-fedora-gcc, r-devel-windows-x86_64, r-patched-linux-x86_64, r-release-linux-x86_64, r-release-macos-arm64, r-release-macos-x86_64, r-release-windows-x86_64, r-oldrel-macos-arm64, r-oldrel-macos-x86_64, r-oldrel-windows-ix86+x86_64

Version: 1.0.3
Check: installed package size
Result: NOTE
     installed size is 75.8Mb
     sub-directories of 1Mb or more:
     R 1.0Mb
     libs 74.4Mb
Flavors: r-devel-linux-x86_64-fedora-clang, r-devel-windows-x86_64, r-release-macos-arm64, r-release-macos-x86_64, r-release-windows-x86_64, r-oldrel-macos-arm64, r-oldrel-macos-x86_64, r-oldrel-windows-ix86+x86_64