CRAN Package Check Results for Package GeneralizedHyperbolic

Last updated on 2023-06-10 11:51:24 CEST.

Flavor Version Tinstall Tcheck Ttotal Status Flags
r-devel-linux-x86_64-debian-clang 0.8-4 12.40 108.29 120.69 NOTE
r-devel-linux-x86_64-debian-gcc 0.8-4 7.03 81.99 89.02 NOTE
r-devel-linux-x86_64-fedora-clang 0.8-4 149.57 NOTE
r-devel-linux-x86_64-fedora-gcc 0.8-4 148.41 NOTE
r-devel-windows-x86_64 0.8-4 12.00 114.00 126.00 NOTE
r-patched-linux-x86_64 0.8-4 14.02 108.05 122.07 NOTE
r-release-linux-x86_64 0.8-4 8.76 106.45 115.21 NOTE
r-release-macos-arm64 0.8-4 44.00 NOTE
r-release-macos-x86_64 0.8-4 69.00 NOTE
r-release-windows-x86_64 0.8-4 14.00 123.00 137.00 NOTE
r-oldrel-macos-arm64 0.8-4 46.00 OK
r-oldrel-macos-x86_64 0.8-4 56.00 OK
r-oldrel-windows-x86_64 0.8-4 12.00 122.00 134.00 OK

Check Details

Version: 0.8-4
Check: Rd files
Result: NOTE
    checkRd: (-1) SandP500.Rd:4: Escaped LaTeX specials: \&
Flavors: r-devel-linux-x86_64-debian-clang, r-devel-linux-x86_64-debian-gcc, r-devel-linux-x86_64-fedora-clang, r-devel-linux-x86_64-fedora-gcc, r-devel-windows-x86_64, r-patched-linux-x86_64, r-release-linux-x86_64, r-release-macos-arm64, r-release-macos-x86_64, r-release-windows-x86_64