CRAN Package Check Results for Package GenBinomApps

Last updated on 2020-10-28 07:49:45 CET.

Flavor Version Tinstall Tcheck Ttotal Status Flags
r-devel-linux-x86_64-debian-clang 1.1 1.99 22.77 24.76 OK
r-devel-linux-x86_64-debian-gcc 1.1 1.66 17.48 19.14 OK
r-devel-linux-x86_64-fedora-clang 1.1 39.03 NOTE
r-devel-linux-x86_64-fedora-gcc 1.1 31.29 OK
r-devel-windows-ix86+x86_64 1.1 8.00 39.00 47.00 OK
r-patched-linux-x86_64 1.1 OK
r-patched-solaris-x86 1.1 44.50 OK
r-release-linux-x86_64 1.1 1.85 21.80 23.65 OK
r-release-macos-x86_64 1.1 OK
r-release-windows-ix86+x86_64 1.1 5.00 38.00 43.00 OK
r-oldrel-macos-x86_64 1.1 OK
r-oldrel-windows-ix86+x86_64 1.1 4.00 32.00 36.00 OK

Check Details

Version: 1.1
Check: Rd cross-references
Result: NOTE
    Undeclared package ‘poibin’ in Rd xrefs
Flavor: r-devel-linux-x86_64-fedora-clang