CRAN Package Check Results for Package GeNetIt

Last updated on 2021-09-27 20:48:18 CEST.

Flavor Version Tinstall Tcheck Ttotal Status Flags
r-devel-linux-x86_64-debian-clang 0.1-4 4.93 45.23 50.16 OK
r-devel-linux-x86_64-debian-gcc 0.1-4 3.75 34.39 38.14 OK
r-devel-linux-x86_64-fedora-clang 0.1-4 68.25 NOTE
r-devel-linux-x86_64-fedora-gcc 0.1-4 60.66 NOTE
r-devel-windows-x86_64 0.1-4 6.00 48.00 54.00 OK
r-devel-windows-x86_64-gcc10-UCRT 0.1-4 NOTE
r-patched-linux-x86_64 0.1-4 5.91 41.03 46.94 OK
r-patched-solaris-x86 0.1-4 85.70 NOTE
r-release-linux-x86_64 0.1-4 4.73 41.95 46.68 OK
r-release-macos-arm64 0.1-4 NOTE
r-release-macos-x86_64 0.1-4 NOTE
r-release-windows-ix86+x86_64 0.1-4 10.00 65.00 75.00 OK
r-oldrel-macos-x86_64 0.1-4 NOTE
r-oldrel-windows-ix86+x86_64 0.1-4 7.00 49.00 56.00 OK

Check Details

Version: 0.1-4
Check: dependencies in R code
Result: NOTE
    Namespace in Imports field not imported from: ‘rgeos’
     All declared Imports should be used.
Flavors: r-devel-linux-x86_64-fedora-clang, r-devel-linux-x86_64-fedora-gcc, r-devel-windows-x86_64-gcc10-UCRT, r-patched-solaris-x86, r-release-macos-arm64, r-release-macos-x86_64, r-oldrel-macos-x86_64