Last updated on 2023-09-30 19:55:47 CEST.
Flavor | Version | Tinstall | Tcheck | Ttotal | Status | Flags |
---|---|---|---|---|---|---|
r-devel-linux-x86_64-debian-clang | 0.2.11 | 302.13 | 314.79 | 616.92 | OK | |
r-devel-linux-x86_64-debian-gcc | 0.2.11 | 207.19 | 232.72 | 439.91 | OK | |
r-devel-linux-x86_64-fedora-clang | 0.2.11 | 909.03 | OK | |||
r-devel-linux-x86_64-fedora-gcc | 0.2.11 | 865.58 | OK | |||
r-devel-windows-x86_64 | 0.2.11 | 226.00 | 269.00 | 495.00 | OK | |
r-patched-linux-x86_64 | 0.2.11 | 290.03 | 317.67 | 607.70 | OK | |
r-release-linux-x86_64 | 0.2.11 | 293.48 | 303.00 | 596.48 | OK | |
r-release-macos-arm64 | 0.2.11 | 207.00 | NOTE | |||
r-release-macos-x86_64 | 0.2.11 | 377.00 | NOTE | |||
r-release-windows-x86_64 | 0.2.11 | 301.00 | 340.00 | 641.00 | OK | |
r-oldrel-macos-arm64 | 0.2.11 | 190.00 | NOTE | |||
r-oldrel-macos-x86_64 | 0.2.11 | 228.00 | NOTE | |||
r-oldrel-windows-x86_64 | 0.2.11 | 294.00 | 303.00 | 597.00 | OK |
Version: 0.2.11
Check: installed package size
Result: NOTE
installed size is 9.4Mb
sub-directories of 1Mb or more:
R 2.1Mb
libs 6.6Mb
Flavors: r-release-macos-arm64, r-release-macos-x86_64, r-oldrel-macos-arm64, r-oldrel-macos-x86_64