Last updated on 2022-07-02 21:52:15 CEST.
Flavor | Version | Tinstall | Tcheck | Ttotal | Status | Flags |
---|---|---|---|---|---|---|
r-devel-linux-x86_64-debian-clang | 1.0.2 | 38.31 | 345.04 | 383.35 | OK | |
r-devel-linux-x86_64-debian-gcc | 1.0.2 | 28.92 | 249.62 | 278.54 | OK | |
r-devel-linux-x86_64-fedora-clang | 1.0.2 | 448.14 | NOTE | |||
r-devel-linux-x86_64-fedora-gcc | 1.0.2 | 451.41 | NOTE | |||
r-devel-windows-x86_64 | 1.0.2 | 48.00 | 329.00 | 377.00 | OK | |
r-patched-linux-x86_64 | 1.0.2 | 30.46 | 327.45 | 357.91 | OK | |
r-release-linux-x86_64 | 1.0.2 | 29.15 | 330.56 | 359.71 | OK | |
r-release-macos-arm64 | 1.0.2 | 115.00 | NOTE | |||
r-release-macos-x86_64 | 1.0.2 | 197.00 | NOTE | |||
r-release-windows-x86_64 | 1.0.2 | 47.00 | 327.00 | 374.00 | OK | |
r-oldrel-macos-arm64 | 1.0.2 | 89.00 | NOTE | |||
r-oldrel-macos-x86_64 | 1.0.2 | 102.00 | NOTE | |||
r-oldrel-windows-ix86+x86_64 | 1.0.2 | 81.00 | 340.00 | 421.00 | OK |
Version: 1.0.2
Check: data for non-ASCII characters
Result: NOTE
Note: found 2 marked UTF-8 strings
Flavors: r-devel-linux-x86_64-fedora-clang, r-devel-linux-x86_64-fedora-gcc, r-release-macos-arm64, r-release-macos-x86_64, r-oldrel-macos-arm64, r-oldrel-macos-x86_64