CRAN Package Check Results for Package GaDiFPT

Last updated on 2021-09-21 08:49:43 CEST.

Flavor Version Tinstall Tcheck Ttotal Status Flags
r-devel-linux-x86_64-debian-clang 1.0 2.17 31.59 33.76 NOTE
r-devel-linux-x86_64-debian-gcc 1.0 1.92 23.74 25.66 NOTE
r-devel-linux-x86_64-fedora-clang 1.0 49.31 NOTE
r-devel-linux-x86_64-fedora-gcc 1.0 38.70 NOTE
r-devel-windows-x86_64 1.0 4.00 37.00 41.00 NOTE
r-devel-windows-x86_64-gcc10-UCRT 1.0 ERROR
r-patched-linux-x86_64 1.0 2.62 30.76 33.38 NOTE
r-patched-solaris-x86 1.0 69.30 NOTE
r-release-linux-x86_64 1.0 2.28 30.81 33.09 NOTE
r-release-macos-arm64 1.0 NOTE
r-release-macos-x86_64 1.0 NOTE
r-release-windows-ix86+x86_64 1.0 5.00 45.00 50.00 NOTE
r-oldrel-macos-x86_64 1.0 NOTE
r-oldrel-windows-ix86+x86_64 1.0 5.00 43.00 48.00 NOTE

Check Details

Version: 1.0
Check: R code for possible problems
Result: NOTE
    FPTsimul: no visible global function definition for 'runif'
    histplot: no visible global function definition for 'dev.new'
    histplot: no visible global function definition for 'hist'
    histplot: no visible global function definition for 'par'
    histplot: no visible global function definition for 'legend'
    mdt: no visible binding for global variable 'deltat'
    plot.FPTdensity: no visible global function definition for 'dev.new'
    res_summary: no visible global function definition for 'write.table'
    res_summary: no visible global function definition for 'sd'
    res_summary: no visible global function definition for 'median'
    vdt: no visible binding for global variable 'deltat'
    Undefined global functions or variables:
     deltat dev.new hist legend median par runif sd write.table
    Consider adding
     importFrom("grDevices", "dev.new")
     importFrom("graphics", "hist", "legend", "par")
     importFrom("stats", "deltat", "median", "runif", "sd")
     importFrom("utils", "write.table")
    to your NAMESPACE file.
Flavors: r-devel-linux-x86_64-debian-clang, r-devel-linux-x86_64-debian-gcc, r-devel-linux-x86_64-fedora-clang, r-devel-linux-x86_64-fedora-gcc, r-devel-windows-x86_64, r-devel-windows-x86_64-gcc10-UCRT, r-patched-linux-x86_64, r-patched-solaris-x86, r-release-linux-x86_64, r-release-macos-arm64, r-release-macos-x86_64, r-release-windows-ix86+x86_64, r-oldrel-macos-x86_64, r-oldrel-windows-ix86+x86_64

Version: 1.0
Check: for non-standard things in the check directory
Result: NOTE
    Found the following files/directories:
     'results_Wiener1.out'
Flavors: r-devel-linux-x86_64-debian-clang, r-devel-linux-x86_64-debian-gcc, r-devel-linux-x86_64-fedora-clang, r-devel-linux-x86_64-fedora-gcc, r-patched-linux-x86_64, r-patched-solaris-x86, r-release-linux-x86_64

Version: 1.0
Check: whether package can be installed
Result: WARN
    Found the following significant warnings:
     WARNING: installation-time patches will not be applied, could not get the patches index
Flavor: r-devel-windows-x86_64-gcc10-UCRT

Version: 1.0
Check: PDF version of manual
Result: WARN
    LaTeX errors when creating PDF version.
    This typically indicates Rd problems.
Flavor: r-devel-windows-x86_64-gcc10-UCRT

Version: 1.0
Check: PDF version of manual without hyperrefs or index
Result: ERROR
    Re-running with no redirection of stdout/stderr.
Flavor: r-devel-windows-x86_64-gcc10-UCRT