CRAN Package Check Results for Package GWnnegPCA

Last updated on 2022-05-18 21:53:17 CEST.

Flavor Version Tinstall Tcheck Ttotal Status Flags
r-devel-linux-x86_64-debian-clang 0.0.4 28.60 252.20 280.80 NOTE
r-devel-linux-x86_64-debian-gcc 0.0.4 21.58 186.99 208.57 NOTE
r-devel-linux-x86_64-fedora-clang 0.0.4 343.06 NOTE
r-devel-linux-x86_64-fedora-gcc 0.0.4 351.74 NOTE
r-devel-windows-x86_64 0.0.4 29.00 252.00 281.00 NOTE
r-patched-linux-x86_64 0.0.4 19.96 245.32 265.28 NOTE
r-release-linux-x86_64 0.0.4 21.92 249.92 271.84 NOTE
r-release-macos-arm64 0.0.4 61.00 NOTE
r-release-macos-x86_64 0.0.4 99.00 NOTE
r-release-windows-x86_64 0.0.4 27.00 248.00 275.00 NOTE
r-oldrel-macos-arm64 0.0.4 42.00 NOTE
r-oldrel-macos-x86_64 0.0.4 68.00 NOTE
r-oldrel-windows-ix86+x86_64 0.0.4 59.00 241.00 300.00 NOTE

Check Details

Version: 0.0.4
Check: LazyData
Result: NOTE
     'LazyData' is specified without a 'data' directory
Flavors: r-devel-linux-x86_64-debian-clang, r-devel-linux-x86_64-debian-gcc, r-devel-linux-x86_64-fedora-clang, r-devel-linux-x86_64-fedora-gcc, r-devel-windows-x86_64, r-patched-linux-x86_64, r-release-linux-x86_64, r-release-macos-arm64, r-release-macos-x86_64, r-release-windows-x86_64, r-oldrel-macos-arm64, r-oldrel-macos-x86_64, r-oldrel-windows-ix86+x86_64

Version: 0.0.4
Check: dependencies in R code
Result: NOTE
    Namespace in Imports field not imported from: ‘sf’
     All declared Imports should be used.
Flavors: r-devel-linux-x86_64-fedora-clang, r-devel-linux-x86_64-fedora-gcc, r-release-macos-arm64, r-release-macos-x86_64, r-oldrel-macos-arm64, r-oldrel-macos-x86_64