Last updated on 2022-07-04 21:49:43 CEST.
Flavor | Version | Tinstall | Tcheck | Ttotal | Status | Flags |
---|---|---|---|---|---|---|
r-devel-linux-x86_64-debian-clang | 1.2.2 | 7.21 | 74.19 | 81.40 | NOTE | |
r-devel-linux-x86_64-debian-gcc | 1.2.2 | 6.36 | 57.14 | 63.50 | NOTE | |
r-devel-linux-x86_64-fedora-clang | 1.2.2 | 110.67 | NOTE | |||
r-devel-linux-x86_64-fedora-gcc | 1.2.2 | 111.34 | NOTE | |||
r-devel-windows-x86_64 | 1.2.2 | 17.00 | 95.00 | 112.00 | NOTE | |
r-patched-linux-x86_64 | 1.2.2 | 7.38 | 72.17 | 79.55 | NOTE | |
r-release-linux-x86_64 | 1.2.2 | 8.57 | 71.32 | 79.89 | NOTE | |
r-release-macos-arm64 | 1.2.2 | 31.00 | NOTE | |||
r-release-macos-x86_64 | 1.2.2 | 44.00 | NOTE | |||
r-release-windows-x86_64 | 1.2.2 | 13.00 | 103.00 | 116.00 | NOTE | |
r-oldrel-macos-arm64 | 1.2.2 | 37.00 | NOTE | |||
r-oldrel-macos-x86_64 | 1.2.2 | 48.00 | NOTE | |||
r-oldrel-windows-ix86+x86_64 | 1.2.2 | 20.00 | 87.00 | 107.00 | NOTE |
Version: 1.2.2
Check: LazyData
Result: NOTE
'LazyData' is specified without a 'data' directory
Flavors: r-devel-linux-x86_64-debian-clang, r-devel-linux-x86_64-debian-gcc, r-devel-linux-x86_64-fedora-clang, r-devel-linux-x86_64-fedora-gcc, r-devel-windows-x86_64, r-patched-linux-x86_64, r-release-linux-x86_64, r-release-macos-arm64, r-release-macos-x86_64, r-release-windows-x86_64, r-oldrel-macos-arm64, r-oldrel-macos-x86_64, r-oldrel-windows-ix86+x86_64
Version: 1.2.2
Check: dependencies in R code
Result: NOTE
Namespaces in Imports field not imported from:
‘doParallel’ ‘foreach’ ‘spgwr’
All declared Imports should be used.
Flavors: r-devel-linux-x86_64-fedora-clang, r-devel-linux-x86_64-fedora-gcc, r-release-macos-arm64, r-release-macos-x86_64, r-oldrel-macos-arm64, r-oldrel-macos-x86_64