CRAN Package Check Results for Package GWASExactHW

Last updated on 2021-12-06 19:50:40 CET.

Flavor Version Tinstall Tcheck Ttotal Status Flags
r-devel-linux-x86_64-debian-clang 1.01 2.41 26.79 29.20 OK
r-devel-linux-x86_64-debian-gcc 1.01 1.79 21.27 23.06 OK
r-devel-linux-x86_64-fedora-clang 1.01 37.19 NOTE
r-devel-linux-x86_64-fedora-gcc 1.01 26.20 NOTE
r-devel-windows-x86_64-new-UL 1.01 6.00 51.00 57.00 OK
r-devel-windows-x86_64-new-TK 1.01 OK
r-devel-windows-x86_64-old 1.01 4.00 26.00 30.00 OK
r-patched-linux-x86_64 1.01 2.18 17.85 20.03 OK
r-release-linux-x86_64 1.01 1.91 26.03 27.94 OK
r-release-macos-arm64 1.01 OK
r-release-macos-x86_64 1.01 OK
r-release-windows-ix86+x86_64 1.01 7.00 37.00 44.00 OK
r-oldrel-macos-x86_64 1.01 OK
r-oldrel-windows-ix86+x86_64 1.01 6.00 37.00 43.00 OK

Check Details

Version: 1.01
Check: compiled code
Result: NOTE
    File ‘GWASExactHW/libs/GWASExactHW.so’:
     Found no calls to: ‘R_registerRoutines’, ‘R_useDynamicSymbols’
    
    It is good practice to register native routines and to disable symbol
    search.
    
    See ‘Writing portable packages’ in the ‘Writing R Extensions’ manual.
Flavors: r-devel-linux-x86_64-fedora-clang, r-devel-linux-x86_64-fedora-gcc