CRAN Package Check Results for Package GUniFrac

Last updated on 2020-07-14 09:50:32 CEST.

Flavor Version Tinstall Tcheck Ttotal Status Flags
r-devel-linux-x86_64-debian-clang 1.1 6.99 70.73 77.72 OK
r-devel-linux-x86_64-debian-gcc 1.1 6.42 54.80 61.22 OK
r-devel-linux-x86_64-fedora-clang 1.1 107.52 OK
r-devel-linux-x86_64-fedora-gcc 1.1 102.07 OK
r-devel-windows-ix86+x86_64 1.1 23.00 113.00 136.00 OK
r-patched-linux-x86_64 1.1 7.51 69.25 76.76 OK
r-patched-solaris-x86 1.1 142.60 OK
r-release-linux-x86_64 1.1 8.20 70.42 78.62 OK
r-release-macos-x86_64 1.1 FAIL
r-release-windows-ix86+x86_64 1.1 22.00 110.00 132.00 OK
r-oldrel-macos-x86_64 1.1 OK
r-oldrel-windows-ix86+x86_64 1.1 17.00 101.00 118.00 OK

Check Details

Version: 1.1
Check: DESCRIPTION meta-information
Result: FAIL
Flavor: r-release-macos-x86_64