CRAN Package Check Results for Package GSSE

Last updated on 2021-09-22 08:50:10 CEST.

Flavor Version Tinstall Tcheck Ttotal Status Flags
r-devel-linux-x86_64-debian-clang 0.1 3.62 45.39 49.01 OK
r-devel-linux-x86_64-debian-gcc 0.1 2.40 34.62 37.02 OK
r-devel-linux-x86_64-fedora-clang 0.1 66.33 OK
r-devel-linux-x86_64-fedora-gcc 0.1 56.88 OK
r-devel-windows-x86_64 0.1 4.00 52.00 56.00 OK
r-devel-windows-x86_64-gcc10-UCRT 0.1 ERROR
r-patched-linux-x86_64 0.1 3.74 44.20 47.94 OK
r-patched-solaris-x86 0.1 86.80 OK
r-release-linux-x86_64 0.1 3.31 43.94 47.25 OK
r-release-macos-arm64 0.1 OK
r-release-macos-x86_64 0.1 OK
r-release-windows-ix86+x86_64 0.1 7.00 63.00 70.00 OK
r-oldrel-macos-x86_64 0.1 OK
r-oldrel-windows-ix86+x86_64 0.1 5.00 51.00 56.00 OK

Check Details

Version: 0.1
Check: PDF version of manual
Result: WARN
    LaTeX errors when creating PDF version.
    This typically indicates Rd problems.
Flavor: r-devel-windows-x86_64-gcc10-UCRT

Version: 0.1
Check: PDF version of manual without hyperrefs or index
Result: ERROR
    Re-running with no redirection of stdout/stderr.
Flavor: r-devel-windows-x86_64-gcc10-UCRT