CRAN Package Check Results for Package GSIF

Last updated on 2020-09-19 20:47:56 CEST.

Flavor Version Tinstall Tcheck Ttotal Status Flags
r-devel-linux-x86_64-debian-clang 0.5-5.1 35.83 213.60 249.43 NOTE
r-devel-linux-x86_64-debian-gcc 0.5-5.1 31.48 163.22 194.70 NOTE
r-devel-linux-x86_64-fedora-clang 0.5-5.1 317.82 NOTE
r-devel-linux-x86_64-fedora-gcc 0.5-5.1 312.46 NOTE
r-devel-windows-ix86+x86_64 0.5-5.1 72.00 267.00 339.00 OK
r-patched-linux-x86_64 0.5-5.1 35.45 207.40 242.85 NOTE
r-patched-solaris-x86 0.5-5.1 445.40 NOTE
r-release-linux-x86_64 0.5-5.1 37.70 207.85 245.55 NOTE
r-release-macos-x86_64 0.5-5.1 NOTE
r-release-windows-ix86+x86_64 0.5-5.1 71.00 268.00 339.00 OK
r-oldrel-macos-x86_64 0.5-5.1 OK
r-oldrel-windows-ix86+x86_64 0.5-5.1 45.00 234.00 279.00 OK

Check Details

Version: 0.5-5.1
Check: package dependencies
Result: NOTE
    Package suggested but not available for checking: 'SDMTools'
Flavors: r-devel-linux-x86_64-debian-clang, r-devel-linux-x86_64-debian-gcc, r-devel-linux-x86_64-fedora-clang, r-devel-linux-x86_64-fedora-gcc, r-patched-linux-x86_64, r-patched-solaris-x86, r-release-linux-x86_64, r-release-macos-x86_64

Version: 0.5-5.1
Check: for non-standard things in the check directory
Result: NOTE
    Found the following files/directories:
     'ORCDRC.txt'
Flavors: r-devel-linux-x86_64-debian-clang, r-devel-linux-x86_64-debian-gcc, r-devel-linux-x86_64-fedora-clang, r-devel-linux-x86_64-fedora-gcc, r-patched-linux-x86_64, r-patched-solaris-x86, r-release-linux-x86_64