CRAN Package Check Results for Package GPvam

Last updated on 2021-09-22 08:50:10 CEST.

Flavor Version Tinstall Tcheck Ttotal Status Flags
r-devel-linux-x86_64-debian-clang 3.0-7 46.14 87.26 133.40 OK
r-devel-linux-x86_64-debian-gcc 3.0-7 31.23 66.01 97.24 OK
r-devel-linux-x86_64-fedora-clang 3.0-7 177.92 OK
r-devel-linux-x86_64-fedora-gcc 3.0-7 160.47 OK
r-devel-windows-x86_64 3.0-7 46.00 85.00 131.00 OK
r-devel-windows-x86_64-gcc10-UCRT 3.0-7 ERROR
r-patched-linux-x86_64 3.0-7 43.51 83.14 126.65 OK
r-patched-solaris-x86 3.0-7 185.80 OK
r-release-linux-x86_64 3.0-7 41.70 83.70 125.40 OK
r-release-macos-arm64 3.0-7 OK
r-release-macos-x86_64 3.0-7 OK
r-release-windows-ix86+x86_64 3.0-7 104.00 140.00 244.00 OK
r-oldrel-macos-x86_64 3.0-7 OK
r-oldrel-windows-ix86+x86_64 3.0-7 76.00 110.00 186.00 OK

Check Details

Version: 3.0-7
Check: whether package can be installed
Result: ERROR
    Installation failed.
Flavor: r-devel-windows-x86_64-gcc10-UCRT