CRAN Package Check Results for Package GPfit

Last updated on 2021-09-21 20:51:02 CEST.

Flavor Version Tinstall Tcheck Ttotal Status Flags
r-devel-linux-x86_64-debian-clang 1.0-8 3.57 58.13 61.70 OK
r-devel-linux-x86_64-debian-gcc 1.0-8 2.69 42.80 45.49 OK
r-devel-linux-x86_64-fedora-clang 1.0-8 81.70 OK
r-devel-linux-x86_64-fedora-gcc 1.0-8 70.58 OK
r-devel-windows-x86_64 1.0-8 5.00 58.00 63.00 OK
r-devel-windows-x86_64-gcc10-UCRT 1.0-8 ERROR
r-patched-linux-x86_64 1.0-8 3.53 55.41 58.94 OK
r-patched-solaris-x86 1.0-8 109.20 OK
r-release-linux-x86_64 1.0-8 3.32 54.69 58.01 OK
r-release-macos-arm64 1.0-8 OK
r-release-macos-x86_64 1.0-8 OK
r-release-windows-ix86+x86_64 1.0-8 8.00 78.00 86.00 OK
r-oldrel-macos-x86_64 1.0-8 OK
r-oldrel-windows-ix86+x86_64 1.0-8 8.00 77.00 85.00 OK

Check Details

Version: 1.0-8
Check: whether package can be installed
Result: WARN
    Found the following significant warnings:
     WARNING: installation-time patches will not be applied, could not get the patches index
Flavor: r-devel-windows-x86_64-gcc10-UCRT

Version: 1.0-8
Check: PDF version of manual
Result: WARN
    LaTeX errors when creating PDF version.
    This typically indicates Rd problems.
Flavor: r-devel-windows-x86_64-gcc10-UCRT

Version: 1.0-8
Check: PDF version of manual without hyperrefs or index
Result: ERROR
    Re-running with no redirection of stdout/stderr.
Flavor: r-devel-windows-x86_64-gcc10-UCRT