CRAN Package Check Results for Package GPSCDF

Last updated on 2021-09-22 08:50:10 CEST.

Flavor Version Tinstall Tcheck Ttotal Status Flags
r-devel-linux-x86_64-debian-clang 0.1.1 11.68 110.40 122.08 NOTE
r-devel-linux-x86_64-debian-gcc 0.1.1 10.08 81.88 91.96 NOTE
r-devel-linux-x86_64-fedora-clang 0.1.1 151.58 NOTE
r-devel-linux-x86_64-fedora-gcc 0.1.1 138.63 NOTE
r-devel-windows-x86_64 0.1.1 14.00 93.00 107.00 NOTE
r-devel-windows-x86_64-gcc10-UCRT 0.1.1 ERROR
r-patched-linux-x86_64 0.1.1 7.49 102.48 109.97 NOTE
r-patched-solaris-x86 0.1.1 201.50 NOTE
r-release-linux-x86_64 0.1.1 10.68 102.39 113.07 NOTE
r-release-macos-arm64 0.1.1 NOTE
r-release-macos-x86_64 0.1.1 NOTE
r-release-windows-ix86+x86_64 0.1.1 29.00 130.00 159.00 NOTE
r-oldrel-macos-x86_64 0.1.1 OK
r-oldrel-windows-ix86+x86_64 0.1.1 19.00 92.00 111.00 OK

Check Details

Version: 0.1.1
Check: LazyData
Result: NOTE
     'LazyData' is specified without a 'data' directory
Flavors: r-devel-linux-x86_64-debian-clang, r-devel-linux-x86_64-debian-gcc, r-devel-linux-x86_64-fedora-clang, r-devel-linux-x86_64-fedora-gcc, r-devel-windows-x86_64, r-patched-linux-x86_64, r-patched-solaris-x86, r-release-linux-x86_64, r-release-macos-arm64, r-release-macos-x86_64, r-release-windows-ix86+x86_64

Version: 0.1.1
Check: package dependencies
Result: ERROR
    Package required but not available: 'nbpMatching'
    
    See section 'The DESCRIPTION file' in the 'Writing R Extensions'
    manual.
Flavor: r-devel-windows-x86_64-gcc10-UCRT