CRAN Package Check Results for Package GOxploreR

Last updated on 2021-12-07 19:49:46 CET.

Flavor Version Tinstall Tcheck Ttotal Status Flags
r-devel-linux-x86_64-debian-clang 1.2.3 190.35 384.10 574.45 OK
r-devel-linux-x86_64-debian-gcc 1.2.3 182.63 285.90 468.53 OK
r-devel-linux-x86_64-fedora-clang 1.2.3 769.91 NOTE
r-devel-linux-x86_64-fedora-gcc 1.2.3 744.85 OK
r-devel-windows-x86_64-new-UL 1.2.3 323.00 469.00 792.00 NOTE
r-devel-windows-x86_64-new-TK 1.2.3 OK
r-devel-windows-x86_64-old 1.2.3 317.00 473.00 790.00 NOTE
r-patched-linux-x86_64 1.2.3 163.90 370.97 534.87 OK
r-release-linux-x86_64 1.2.3 152.13 364.02 516.15 OK
r-release-macos-arm64 1.2.3 NOTE
r-release-macos-x86_64 1.2.3 NOTE
r-release-windows-ix86+x86_64 1.2.3 229.00 447.00 676.00 NOTE
r-oldrel-macos-x86_64 1.2.3 NOTE
r-oldrel-windows-ix86+x86_64 1.2.3 343.00 465.00 808.00 NOTE

Check Details

Version: 1.2.3
Check: installed package size
Result: NOTE
     installed size is 6.7Mb
     sub-directories of 1Mb or more:
     R 6.2Mb
Flavors: r-devel-linux-x86_64-fedora-clang, r-devel-windows-x86_64-new-UL, r-devel-windows-x86_64-old, r-release-macos-arm64, r-release-macos-x86_64, r-release-windows-ix86+x86_64, r-oldrel-macos-x86_64, r-oldrel-windows-ix86+x86_64