CRAN Package Check Results for Package GMKMcharlie

Last updated on 2020-07-05 09:47:30 CEST.

Flavor Version Tinstall Tcheck Ttotal Status Flags
r-devel-linux-x86_64-debian-clang 1.0.3 168.47 64.58 233.05 NOTE
r-devel-linux-x86_64-debian-gcc 1.0.3 137.56 51.13 188.69 NOTE
r-devel-linux-x86_64-fedora-clang 1.0.3 340.83 NOTE
r-devel-linux-x86_64-fedora-gcc 1.0.3 319.43 NOTE
r-devel-windows-ix86+x86_64 1.0.3 406.00 156.00 562.00 WARN
r-patched-linux-x86_64 1.0.3 149.60 66.07 215.67 NOTE
r-patched-solaris-x86 1.0.3 305.90 NOTE
r-release-linux-x86_64 1.0.3 141.82 67.23 209.05 NOTE
r-release-osx-x86_64 1.0.3 NOTE
r-release-windows-ix86+x86_64 1.0.3 310.00 128.00 438.00 WARN
r-oldrel-osx-x86_64 1.0.3 NOTE
r-oldrel-windows-ix86+x86_64 1.0.3 300.00 168.00 468.00 NOTE

Additional issues

clang-UBSAN

Check Details

Version: 1.0.3
Check: for GNU extensions in Makefiles
Result: NOTE
    GNU make is a SystemRequirements.
Flavors: r-devel-linux-x86_64-debian-clang, r-devel-linux-x86_64-debian-gcc, r-devel-linux-x86_64-fedora-clang, r-devel-linux-x86_64-fedora-gcc, r-devel-windows-ix86+x86_64, r-patched-linux-x86_64, r-patched-solaris-x86, r-release-linux-x86_64, r-release-osx-x86_64, r-release-windows-ix86+x86_64, r-oldrel-osx-x86_64, r-oldrel-windows-ix86+x86_64

Version: 1.0.3
Check: installed package size
Result: NOTE
     installed size is 13.7Mb
     sub-directories of 1Mb or more:
     libs 13.6Mb
Flavors: r-devel-linux-x86_64-fedora-clang, r-release-osx-x86_64, r-oldrel-osx-x86_64

Version: 1.0.3
Check: whether package can be installed
Result: WARN
    Found the following significant warnings:
     kmppini.cpp:241:14: warning: 'void* memcpy(void*, const void*, size_t)' forming offset [5, 8] is out of the bounds [0, 4] of object 'sed' with type 'std::size_t' {aka 'unsigned int'} [-Warray-bounds]
     kmppini.cpp:275:14: warning: 'void* memcpy(void*, const void*, size_t)' forming offset [5, 8] is out of the bounds [0, 4] of object 'sed' with type 'std::size_t' {aka 'unsigned int'} [-Warray-bounds]
Flavors: r-devel-windows-ix86+x86_64, r-release-windows-ix86+x86_64