CRAN Package Check Results for Package GMKMcharlie

Last updated on 2019-12-07 08:49:28 CET.

Flavor Version Tinstall Tcheck Ttotal Status Flags
r-devel-linux-x86_64-debian-clang 1.0.3 160.83 61.43 222.26 NOTE
r-devel-linux-x86_64-debian-gcc 1.0.3 129.70 48.96 178.66 NOTE
r-devel-linux-x86_64-fedora-clang 1.0.3 313.05 NOTE
r-devel-linux-x86_64-fedora-gcc 1.0.3 314.40 NOTE
r-devel-windows-ix86+x86_64 1.0.3 278.00 122.00 400.00 NOTE
r-devel-windows-ix86+x86_64-gcc8 1.0.3 303.00 127.00 430.00 WARN
r-patched-linux-x86_64 1.0.3 128.93 62.52 191.45 NOTE
r-patched-solaris-x86 1.0.3 295.30 NOTE
r-release-linux-x86_64 1.0.3 135.79 64.09 199.88 NOTE
r-release-windows-ix86+x86_64 1.0.3 370.00 133.00 503.00 NOTE
r-release-osx-x86_64 1.0.3 NOTE
r-oldrel-windows-ix86+x86_64 1.0.3 243.00 156.00 399.00 NOTE
r-oldrel-osx-x86_64 1.0.3 NOTE

Additional issues

clang-UBSAN

Check Details

Version: 1.0.3
Check: for GNU extensions in Makefiles
Result: NOTE
    GNU make is a SystemRequirements.
Flavors: r-devel-linux-x86_64-debian-clang, r-devel-linux-x86_64-debian-gcc, r-devel-linux-x86_64-fedora-clang, r-devel-linux-x86_64-fedora-gcc, r-devel-windows-ix86+x86_64, r-devel-windows-ix86+x86_64-gcc8, r-patched-linux-x86_64, r-patched-solaris-x86, r-release-linux-x86_64, r-release-windows-ix86+x86_64, r-release-osx-x86_64, r-oldrel-windows-ix86+x86_64, r-oldrel-osx-x86_64

Version: 1.0.3
Check: installed package size
Result: NOTE
     installed size is 12.3Mb
     sub-directories of 1Mb or more:
     libs 12.2Mb
Flavors: r-devel-linux-x86_64-fedora-clang, r-release-osx-x86_64, r-oldrel-osx-x86_64

Version: 1.0.3
Check: whether package can be installed
Result: WARN
    Found the following significant warnings:
     kmppini.cpp:241:14: warning: 'void* memcpy(void*, const void*, size_t)' forming offset [5, 8] is out of the bounds [0, 4] of object 'sed' with type 'std::size_t' {aka 'unsigned int'} [-Warray-bounds]
     kmppini.cpp:275:14: warning: 'void* memcpy(void*, const void*, size_t)' forming offset [5, 8] is out of the bounds [0, 4] of object 'sed' with type 'std::size_t' {aka 'unsigned int'} [-Warray-bounds]
Flavor: r-devel-windows-ix86+x86_64-gcc8