CRAN Package Check Results for Package GLMpack

Last updated on 2024-02-26 07:50:02 CET.

Flavor Version Tinstall Tcheck Ttotal Status Flags
r-devel-linux-x86_64-debian-clang 0.1.0 2.05 38.76 40.81 OK
r-devel-linux-x86_64-debian-gcc 0.1.0 2.14 29.38 31.52 OK
r-devel-linux-x86_64-fedora-clang 0.1.0 53.13 NOTE
r-devel-linux-x86_64-fedora-gcc 0.1.0 51.83 NOTE
r-devel-windows-x86_64 0.1.0 4.00 56.00 60.00 OK
r-patched-linux-x86_64 0.1.0 2.28 37.32 39.60 OK
r-release-linux-x86_64 0.1.0 2.74 38.70 41.44 OK
r-release-macos-arm64 0.1.0 24.00 OK
r-release-macos-x86_64 0.1.0 29.00 OK
r-release-windows-x86_64 0.1.0 5.00 60.00 65.00 OK
r-oldrel-macos-arm64 0.1.0 21.00 NOTE
r-oldrel-windows-x86_64 0.1.0 5.00 62.00 67.00 OK

Check Details

Version: 0.1.0
Check: dependencies in R code
Result: NOTE Namespaces in Imports field not imported from: ‘AER’ ‘MASS’ ‘Matrix’ ‘censReg’ ‘effects’ ‘foreign’ ‘lme4’ ‘lmtest’ ‘nnet’ ‘pBrackets’ ‘plm’ ‘pscl’ ‘sandwich’ All declared Imports should be used. Flavors: r-devel-linux-x86_64-fedora-clang, r-devel-linux-x86_64-fedora-gcc, r-oldrel-macos-arm64