CRAN Package Check Results for Package GLMpack

Last updated on 2022-06-30 21:49:44 CEST.

Flavor Version Tinstall Tcheck Ttotal Status Flags
r-devel-linux-x86_64-debian-clang 0.1.0 2.85 38.49 41.34 OK
r-devel-linux-x86_64-debian-gcc 0.1.0 2.12 29.18 31.30 OK
r-devel-linux-x86_64-fedora-clang 0.1.0 60.50 NOTE
r-devel-linux-x86_64-fedora-gcc 0.1.0 58.63 NOTE
r-devel-windows-x86_64 0.1.0 22.00 71.00 93.00 OK
r-patched-linux-x86_64 0.1.0 2.85 37.24 40.09 OK
r-release-linux-x86_64 0.1.0 2.46 37.29 39.75 OK
r-release-macos-arm64 0.1.0 21.00 NOTE
r-release-macos-x86_64 0.1.0 32.00 NOTE
r-release-windows-x86_64 0.1.0 21.00 72.00 93.00 OK
r-oldrel-macos-arm64 0.1.0 30.00 NOTE
r-oldrel-macos-x86_64 0.1.0 35.00 NOTE
r-oldrel-windows-ix86+x86_64 0.1.0 8.00 65.00 73.00 OK

Check Details

Version: 0.1.0
Check: dependencies in R code
Result: NOTE
    Namespaces in Imports field not imported from:
     ‘AER’ ‘MASS’ ‘Matrix’ ‘censReg’ ‘effects’ ‘foreign’ ‘lme4’ ‘lmtest’
     ‘nnet’ ‘pBrackets’ ‘plm’ ‘pscl’ ‘sandwich’
     All declared Imports should be used.
Flavors: r-devel-linux-x86_64-fedora-clang, r-devel-linux-x86_64-fedora-gcc, r-release-macos-arm64, r-release-macos-x86_64, r-oldrel-macos-arm64, r-oldrel-macos-x86_64