Last updated on 2023-12-03 19:48:33 CET.
Flavor | Version | Tinstall | Tcheck | Ttotal | Status | Flags |
---|---|---|---|---|---|---|
r-devel-linux-x86_64-debian-clang | 0.5 | 14.89 | 146.65 | 161.54 | NOTE | |
r-devel-linux-x86_64-debian-gcc | 0.5 | 11.50 | 104.06 | 115.56 | NOTE | |
r-devel-linux-x86_64-fedora-clang | 0.5 | 197.75 | OK | |||
r-devel-linux-x86_64-fedora-gcc | 0.5 | 192.84 | OK | |||
r-devel-windows-x86_64 | 0.5 | 13.00 | 106.00 | 119.00 | OK | |
r-patched-linux-x86_64 | 0.5 | 11.20 | 140.95 | 152.15 | OK | |
r-release-linux-x86_64 | 0.5 | 14.65 | 139.45 | 154.10 | OK | |
r-release-macos-arm64 | 0.5 | 67.00 | OK | |||
r-release-macos-x86_64 | 0.5 | 98.00 | OK | |||
r-release-windows-x86_64 | 0.5 | 17.00 | 128.00 | 145.00 | OK | |
r-oldrel-macos-arm64 | 0.5 | 71.00 | OK | |||
r-oldrel-macos-x86_64 | 0.5 | 79.00 | OK | |||
r-oldrel-windows-x86_64 | 0.5 | 17.00 | 127.00 | 144.00 | OK |
Version: 0.5
Check: Rd files
Result: NOTE
checkRd: (-1) MODFIT.Rd:33: Lost braces; missing escapes or markup?
33 | {chisq_i = sum( (O_iz - E_iz)^2 / E_iz; z = 0, ..., C ), }
| ^
checkRd: (-1) probs.GGUM.Rd:27: Lost braces; missing escapes or markup?
27 | GUM-based probabilities just constrain alpha to a unit vector of length {I}
| ^
Flavors: r-devel-linux-x86_64-debian-clang, r-devel-linux-x86_64-debian-gcc