CRAN Package Check Results for Package GENLIB

Last updated on 2021-09-21 20:51:01 CEST.

Flavor Version Tinstall Tcheck Ttotal Status Flags
r-devel-linux-x86_64-debian-clang 1.1.5 100.23 116.93 217.16 OK
r-devel-linux-x86_64-debian-gcc 1.1.5 68.93 90.99 159.92 OK
r-devel-linux-x86_64-fedora-clang 1.1.5 307.81 OK
r-devel-linux-x86_64-fedora-gcc 1.1.5 269.63 OK
r-devel-windows-x86_64 1.1.5 104.00 140.00 244.00 OK
r-devel-windows-x86_64-gcc10-UCRT 1.1.5 ERROR
r-patched-linux-x86_64 1.1.5 81.97 114.59 196.56 OK
r-patched-solaris-x86 1.1.5 329.10 OK
r-release-linux-x86_64 1.1.5 84.37 115.07 199.44 OK
r-release-macos-arm64 1.1.5 WARN
r-release-macos-x86_64 1.1.5 WARN
r-release-windows-ix86+x86_64 1.1.5 237.00 235.00 472.00 OK
r-oldrel-macos-x86_64 1.1.5 WARN
r-oldrel-windows-ix86+x86_64 1.1.5 220.00 225.00 445.00 OK

Check Details

Version: 1.1.5
Check: whether package can be installed
Result: ERROR
    Installation failed.
Flavor: r-devel-windows-x86_64-gcc10-UCRT

Version: 1.1.5
Check: whether package can be installed
Result: WARN
    Found the following significant warnings:
     hal.cpp:266:10: warning: 'sem_init' is deprecated [-Wdeprecated-declarations]
     hal.cpp:271:13: warning: 'sem_destroy' is deprecated [-Wdeprecated-declarations]
Flavors: r-release-macos-arm64, r-release-macos-x86_64, r-oldrel-macos-x86_64